{"id":1228,"date":"2019-11-15T09:34:40","date_gmt":"2019-11-15T15:34:40","guid":{"rendered":"https:\/\/www.conservatoriodelasrosas.edu.mx\/Web\/?page_id=1228"},"modified":"2020-10-16T13:25:49","modified_gmt":"2020-10-16T18:25:49","slug":"filosofiaconse","status":"publish","type":"page","link":"https:\/\/www.conservatoriodelasrosas.edu.mx\/Web\/el-conservatorio\/filosofiaconse\/","title":{"rendered":"Filosof\u00eda"},"content":{"rendered":"\t\t<div data-elementor-type=\"wp-page\" data-elementor-id=\"1228\" class=\"elementor elementor-1228\">\n\t\t\t\t\t\t<section class=\"elementor-section elementor-top-section elementor-element elementor-element-5adf161 elementor-section-stretched elementor-section-full_width elementor-section-height-min-height elementor-section-height-default elementor-section-items-middle\" data-id=\"5adf161\" data-element_type=\"section\" data-e-type=\"section\" data-settings=\"{&quot;stretch_section&quot;:&quot;section-stretched&quot;,&quot;background_background&quot;:&quot;slideshow&quot;,&quot;background_slideshow_gallery&quot;:[{&quot;id&quot;:1306,&quot;url&quot;:&quot;https:\\\/\\\/www.conservatoriodelasrosas.edu.mx\\\/Web\\\/wp-content\\\/uploads\\\/2019\\\/11\\\/Piano.jpg&quot;}],&quot;background_slideshow_loop&quot;:&quot;yes&quot;,&quot;background_slideshow_slide_duration&quot;:5000,&quot;background_slideshow_slide_transition&quot;:&quot;fade&quot;,&quot;background_slideshow_transition_duration&quot;:500}\">\n\t\t\t\t\t\t<div class=\"elementor-container elementor-column-gap-default\">\n\t\t\t\t\t<div class=\"elementor-column elementor-col-100 elementor-top-column elementor-element elementor-element-6b0256e\" data-id=\"6b0256e\" data-element_type=\"column\" data-e-type=\"column\">\n\t\t\t<div class=\"elementor-widget-wrap elementor-element-populated\">\n\t\t\t\t\t\t<div class=\"elementor-element elementor-element-1a7822d elementor-widget elementor-widget-heading\" data-id=\"1a7822d\" data-element_type=\"widget\" data-e-type=\"widget\" data-widget_type=\"heading.default\">\n\t\t\t\t<div class=\"elementor-widget-container\">\n\t\t\t\t\t<h2 class=\"elementor-heading-title elementor-size-default\">Filosof\u00eda<\/h2>\t\t\t\t<\/div>\n\t\t\t\t<\/div>\n\t\t\t\t\t<\/div>\n\t\t<\/div>\n\t\t\t\t\t<\/div>\n\t\t<\/section>\n\t\t\t\t<section class=\"elementor-section elementor-top-section elementor-element elementor-element-ad02916 elementor-section-stretched elementor-section-full_width elementor-section-height-default elementor-section-height-default\" data-id=\"ad02916\" data-element_type=\"section\" data-e-type=\"section\" data-settings=\"{&quot;stretch_section&quot;:&quot;section-stretched&quot;}\">\n\t\t\t\t\t\t<div class=\"elementor-container elementor-column-gap-default\">\n\t\t\t\t\t<div class=\"elementor-column elementor-col-100 elementor-top-column elementor-element elementor-element-d79a1a0\" data-id=\"d79a1a0\" data-element_type=\"column\" data-e-type=\"column\">\n\t\t\t<div class=\"elementor-widget-wrap elementor-element-populated\">\n\t\t\t\t\t\t<div class=\"elementor-element elementor-element-d8de2c5 elementor-widget elementor-widget-text-editor\" data-id=\"d8de2c5\" data-element_type=\"widget\" data-e-type=\"widget\" data-widget_type=\"text-editor.default\">\n\t\t\t\t<div class=\"elementor-widget-container\">\n\t\t\t\t\t\t\t\t\t<h6><u><a href=\"https:\/\/www.conservatoriodelasrosas.edu.mx\/Web\/wp-content\/uploads\/2020\/10\/photo5753426327754614740.jpg\"><img fetchpriority=\"high\" decoding=\"async\" class=\"alignright wp-image-3287\" title=\"Conservatorio de las rosas\" src=\"https:\/\/www.conservatoriodelasrosas.edu.mx\/Web\/wp-content\/uploads\/2020\/10\/photo5753426327754614740-1024x768.jpg\" alt=\"\" width=\"700\" height=\"525\" srcset=\"https:\/\/www.conservatoriodelasrosas.edu.mx\/Web\/wp-content\/uploads\/2020\/10\/photo5753426327754614740-1024x768.jpg 1024w, https:\/\/www.conservatoriodelasrosas.edu.mx\/Web\/wp-content\/uploads\/2020\/10\/photo5753426327754614740-300x225.jpg 300w, https:\/\/www.conservatoriodelasrosas.edu.mx\/Web\/wp-content\/uploads\/2020\/10\/photo5753426327754614740-768x576.jpg 768w, https:\/\/www.conservatoriodelasrosas.edu.mx\/Web\/wp-content\/uploads\/2020\/10\/photo5753426327754614740.jpg 1280w\" sizes=\"(max-width: 700px) 100vw, 700px\" \/><\/a><\/u><\/h6>\n<p>El Conservatorio de las Rosas trabaja con la m\u00fasica como eje de sus estrategias de formaci\u00f3n. Concibe la m\u00fasica como herramienta, no como fin en s\u00ed mismo, pues la m\u00fasica desarrolla la sensibilidad, estimula la creatividad y cultiva el trabajo en equipo. La m\u00fasica, adem\u00e1s, contribuye al desarrollo equilibrado de los dos hemisferios cerebrales, lo cual se traduce de manera pr\u00e1ctica en la adquisici\u00f3n de eficientes capacidades de aprendizaje.<\/p>\n<p>Creemos adem\u00e1s que la m\u00fasica sirve al prop\u00f3sito de cumplir exitosamente con los objetivos de los 5 pilares de la educaci\u00f3n definidos por la UNESCO para el siglo XXI:<\/p>\n<ul>\n<li>Aprender a conocer<\/li>\n<li>Aprender a hacer<\/li>\n<li>Aprender a vivir juntos<\/li>\n<li>Aprender a ser<\/li>\n<li>Aprender a transformarse uno mismo y a transformar la sociedad<\/li>\n<\/ul>\n<p>En ese contexto apreciamos y respetamos la diversidad de credo, raza, sexo, ideolog\u00eda y condici\u00f3n social.<\/p>\n<p>La multiculturalidad es uno de nuestros referentes, no s\u00f3lo en la letra de los programas que nos definen, sino en la diversidad de nuestros estudiantes y de nuestros maestros.<\/p>\n<p>A nivel ling\u00fc\u00edstico, nos asumimos como una comunidad bicultural, con el ingl\u00e9s como la lengua franca del siglo xxi, recurso indispensable para que nuestros estudiantes logren sumergirse exitosamente en el mundo global.<\/p>\n<p>Trabajamos con estudiantes en un ampl\u00edsimo margen de edades, que va del nivel preescolar (maternal incluido) hasta el nivel de licenciatura (pasando, claro, a trav\u00e9s de la primaria, la secundaria y el bachillerato).<\/p>\n<p>As\u00ed, el Conservatorio de las Rosas es una instituci\u00f3n \u00fanica en M\u00e9xico, por su cuidadosa y sutil mezcla de fortalezas.<\/p>\n<p>Es una asociaci\u00f3n civil, sin fines de lucro, que opera a trav\u00e9s de sus propios ingresos hasta en un 80 por ciento, y que recibe fondos p\u00fablicos para completar los recursos que requiere su operaci\u00f3n.<\/p>\n<h4><strong>Misi\u00f3n<\/strong><\/h4>\n<p>Educar a trav\u00e9s de la m\u00fasica<\/p>\n<h4><strong>Visi\u00f3n<\/strong><\/h4>\n<p>Ofrecer educaci\u00f3n de alta calidad para la formaci\u00f3n de seres humanos capaces de insertarse exitosa y generosamente en el mundo laboral a nivel nacional e internacional.<\/p>\t\t\t\t\t\t\t\t<\/div>\n\t\t\t\t<\/div>\n\t\t\t\t\t<\/div>\n\t\t<\/div>\n\t\t\t\t\t<\/div>\n\t\t<\/section>\n\t\t\t\t<\/div>\n\t\t","protected":false},"excerpt":{"rendered":"<p>Filosof\u00eda El Conservatorio de las Rosas trabaja con la m\u00fasica como eje de sus estrategias de formaci\u00f3n. Concibe la m\u00fasica como herramienta, no como fin en s\u00ed mismo, pues la m\u00fasica desarrolla la sensibilidad, estimula la creatividad y cultiva el trabajo en equipo. La m\u00fasica, adem\u00e1s, contribuye al desarrollo equilibrado de los dos hemisferios cerebrales, lo cual se traduce de manera pr\u00e1ctica en la adquisici\u00f3n&hellip; <\/p>\n","protected":false},"author":2,"featured_media":0,"parent":32,"menu_order":0,"comment_status":"closed","ping_status":"closed","template":"","meta":{"footnotes":""},"class_list":["post-1228","page","type-page","status-publish","hentry","clearfix"],"_links":{"self":[{"href":"https:\/\/www.conservatoriodelasrosas.edu.mx\/Web\/wp-json\/wp\/v2\/pages\/1228","targetHints":{"allow":["GET"]}}],"collection":[{"href":"https:\/\/www.conservatoriodelasrosas.edu.mx\/Web\/wp-json\/wp\/v2\/pages"}],"about":[{"href":"https:\/\/www.conservatoriodelasrosas.edu.mx\/Web\/wp-json\/wp\/v2\/types\/page"}],"author":[{"embeddable":true,"href":"https:\/\/www.conservatoriodelasrosas.edu.mx\/Web\/wp-json\/wp\/v2\/users\/2"}],"replies":[{"embeddable":true,"href":"https:\/\/www.conservatoriodelasrosas.edu.mx\/Web\/wp-json\/wp\/v2\/comments?post=1228"}],"version-history":[{"count":7,"href":"https:\/\/www.conservatoriodelasrosas.edu.mx\/Web\/wp-json\/wp\/v2\/pages\/1228\/revisions"}],"predecessor-version":[{"id":3600,"href":"https:\/\/www.conservatoriodelasrosas.edu.mx\/Web\/wp-json\/wp\/v2\/pages\/1228\/revisions\/3600"}],"up":[{"embeddable":true,"href":"https:\/\/www.conservatoriodelasrosas.edu.mx\/Web\/wp-json\/wp\/v2\/pages\/32"}],"wp:attachment":[{"href":"https:\/\/www.conservatoriodelasrosas.edu.mx\/Web\/wp-json\/wp\/v2\/media?parent=1228"}],"curies":[{"name":"wp","href":"https:\/\/api.w.org\/{rel}","templated":true}]}}

Filosofía

<div data-elementor-type="wp-page" data-elementor-id="1228" class="elementor elementor-1228">
						<section class="elementor-section elementor-top-section elementor-element elementor-element-5adf161 elementor-section-stretched elementor-section-full_width elementor-section-height-min-height elementor-section-height-default elementor-section-items-middle" data-id="5adf161" data-element_type="section" data-e-type="section" data-settings="{&quot;stretch_section&quot;:&quot;section-stretched&quot;,&quot;background_background&quot;:&quot;slideshow&quot;,&quot;background_slideshow_gallery&quot;:[{&quot;id&quot;:1306,&quot;url&quot;:&quot;https:\/\/www.conservatoriodelasrosas.edu.mx\/Web\/wp-content\/uploads\/2019\/11\/Piano.jpg&quot;}],&quot;background_slideshow_loop&quot;:&quot;yes&quot;,&quot;background_slideshow_slide_duration&quot;:5000,&quot;background_slideshow_slide_transition&quot;:&quot;fade&quot;,&quot;background_slideshow_transition_duration&quot;:500}">
						<div class="elementor-container elementor-column-gap-default">
					<div class="elementor-column elementor-col-100 elementor-top-column elementor-element elementor-element-6b0256e" data-id="6b0256e" data-element_type="column" data-e-type="column">
			<div class="elementor-widget-wrap elementor-element-populated">
						<div class="elementor-element elementor-element-1a7822d elementor-widget elementor-widget-heading" data-id="1a7822d" data-element_type="widget" data-e-type="widget" data-widget_type="heading.default">
				<div class="elementor-widget-container">
					<h2 class="elementor-heading-title elementor-size-default">Filosofía</h2>				</div>
				</div>
					</div>
		</div>
					</div>
		</section>
				<section class="elementor-section elementor-top-section elementor-element elementor-element-ad02916 elementor-section-stretched elementor-section-full_width elementor-section-height-default elementor-section-height-default" data-id="ad02916" data-element_type="section" data-e-type="section" data-settings="{&quot;stretch_section&quot;:&quot;section-stretched&quot;}">
						<div class="elementor-container elementor-column-gap-default">
					<div class="elementor-column elementor-col-100 elementor-top-column elementor-element elementor-element-d79a1a0" data-id="d79a1a0" data-element_type="column" data-e-type="column">
			<div class="elementor-widget-wrap elementor-element-populated">
						<div class="elementor-element elementor-element-d8de2c5 elementor-widget elementor-widget-text-editor" data-id="d8de2c5" data-element_type="widget" data-e-type="widget" data-widget_type="text-editor.default">
				<div class="elementor-widget-container">
									<h6><u><a href="https://www.conservatoriodelasrosas.edu.mx/Web/wp-content/uploads/2020/10/photo5753426327754614740.jpg"><img fetchpriority="high" decoding="async" class="alignright wp-image-3287" title="Conservatorio de las rosas" src="https://www.conservatoriodelasrosas.edu.mx/Web/wp-content/uploads/2020/10/photo5753426327754614740-1024x768.jpg" alt="" width="700" height="525" srcset="https://www.conservatoriodelasrosas.edu.mx/Web/wp-content/uploads/2020/10/photo5753426327754614740-1024x768.jpg 1024w, https://www.conservatoriodelasrosas.edu.mx/Web/wp-content/uploads/2020/10/photo5753426327754614740-300x225.jpg 300w, https://www.conservatoriodelasrosas.edu.mx/Web/wp-content/uploads/2020/10/photo5753426327754614740-768x576.jpg 768w, https://www.conservatoriodelasrosas.edu.mx/Web/wp-content/uploads/2020/10/photo5753426327754614740.jpg 1280w" sizes="(max-width: 700px) 100vw, 700px" /></a></u></h6>
<p>El Conservatorio de las Rosas trabaja con la música como eje de sus estrategias de formación. Concibe la música como herramienta, no como fin en sí mismo, pues la música desarrolla la sensibilidad, estimula la creatividad y cultiva el trabajo en equipo. La música, además, contribuye al desarrollo equilibrado de los dos hemisferios cerebrales, lo cual se traduce de manera práctica en la adquisición de eficientes capacidades de aprendizaje.</p>
<p>Creemos además que la música sirve al propósito de cumplir exitosamente con los objetivos de los 5 pilares de la educación definidos por la UNESCO para el siglo XXI:</p>
<ul>
<li>Aprender a conocer</li>
<li>Aprender a hacer</li>
<li>Aprender a vivir juntos</li>
<li>Aprender a ser</li>
<li>Aprender a transformarse uno mismo y a transformar la sociedad</li>
</ul>
<p>En ese contexto apreciamos y respetamos la diversidad de credo, raza, sexo, ideología y condición social.</p>
<p>La multiculturalidad es uno de nuestros referentes, no sólo en la letra de los programas que nos definen, sino en la diversidad de nuestros estudiantes y de nuestros maestros.</p>
<p>A nivel lingüístico, nos asumimos como una comunidad bicultural, con el inglés como la lengua franca del siglo xxi, recurso indispensable para que nuestros estudiantes logren sumergirse exitosamente en el mundo global.</p>
<p>Trabajamos con estudiantes en un amplísimo margen de edades, que va del nivel preescolar (maternal incluido) hasta el nivel de licenciatura (pasando, claro, a través de la primaria, la secundaria y el bachillerato).</p>
<p>Así, el Conservatorio de las Rosas es una institución única en México, por su cuidadosa y sutil mezcla de fortalezas.</p>
<p>Es una asociación civil, sin fines de lucro, que opera a través de sus propios ingresos hasta en un 80 por ciento, y que recibe fondos públicos para completar los recursos que requiere su operación.</p>
<h4><strong>Misión</strong></h4>
<p>Educar a través de la música</p>
<h4><strong>Visión</strong></h4>
<p>Ofrecer educación de alta calidad para la formación de seres humanos capaces de insertarse exitosa y generosamente en el mundo laboral a nivel nacional e internacional.</p>								</div>
				</div>
					</div>
		</div>
					</div>
		</section>
				</div>

<p>Filosofía El Conservatorio de las Rosas trabaja con la música como eje de sus estrategias de formación. Concibe la música como herramienta, no como fin en sí mismo, pues la música desarrolla la sensibilidad, estimula la creatividad y cultiva el trabajo en equipo. La música, además, contribuye al desarrollo equilibrado de los dos hemisferios cerebrales, lo cual se traduce de manera práctica en la adquisición&hellip; </p>
