{"id":1254,"date":"2019-11-15T11:33:25","date_gmt":"2019-11-15T17:33:25","guid":{"rendered":"https:\/\/www.conservatoriodelasrosas.edu.mx\/Web\/?page_id=1254"},"modified":"2020-09-28T15:00:16","modified_gmt":"2020-09-28T20:00:16","slug":"campus","status":"publish","type":"page","link":"https:\/\/www.conservatoriodelasrosas.edu.mx\/Web\/el-conservatorio\/campus\/","title":{"rendered":"Campus"},"content":{"rendered":"\t\t<div data-elementor-type=\"wp-page\" data-elementor-id=\"1254\" class=\"elementor elementor-1254\">\n\t\t\t\t\t\t<section class=\"elementor-section elementor-top-section elementor-element elementor-element-5b1ee98 elementor-section-stretched elementor-section-full_width elementor-section-height-min-height elementor-section-height-default elementor-section-items-middle\" data-id=\"5b1ee98\" data-element_type=\"section\" data-e-type=\"section\" data-settings=\"{&quot;stretch_section&quot;:&quot;section-stretched&quot;,&quot;background_background&quot;:&quot;slideshow&quot;,&quot;background_slideshow_gallery&quot;:[{&quot;id&quot;:1257,&quot;url&quot;:&quot;https:\\\/\\\/www.conservatoriodelasrosas.edu.mx\\\/Web\\\/wp-content\\\/uploads\\\/2019\\\/11\\\/Dentro-del-conservatorio-scaled.jpg&quot;}],&quot;background_slideshow_loop&quot;:&quot;yes&quot;,&quot;background_slideshow_slide_duration&quot;:5000,&quot;background_slideshow_slide_transition&quot;:&quot;fade&quot;,&quot;background_slideshow_transition_duration&quot;:500}\">\n\t\t\t\t\t\t<div class=\"elementor-container elementor-column-gap-default\">\n\t\t\t\t\t<div class=\"elementor-column elementor-col-100 elementor-top-column elementor-element elementor-element-e40bef3\" data-id=\"e40bef3\" data-element_type=\"column\" data-e-type=\"column\">\n\t\t\t<div class=\"elementor-widget-wrap elementor-element-populated\">\n\t\t\t\t\t\t<div class=\"elementor-element elementor-element-ca8bdf0 elementor-widget elementor-widget-heading\" data-id=\"ca8bdf0\" data-element_type=\"widget\" data-e-type=\"widget\" data-widget_type=\"heading.default\">\n\t\t\t\t<div class=\"elementor-widget-container\">\n\t\t\t\t\t<h2 class=\"elementor-heading-title elementor-size-default\">Planteles<\/h2>\t\t\t\t<\/div>\n\t\t\t\t<\/div>\n\t\t\t\t\t<\/div>\n\t\t<\/div>\n\t\t\t\t\t<\/div>\n\t\t<\/section>\n\t\t\t\t<section class=\"elementor-section elementor-top-section elementor-element elementor-element-472da2aa elementor-section-stretched elementor-section-boxed elementor-section-height-default elementor-section-height-default\" data-id=\"472da2aa\" data-element_type=\"section\" data-e-type=\"section\" data-settings=\"{&quot;stretch_section&quot;:&quot;section-stretched&quot;}\">\n\t\t\t\t\t\t<div class=\"elementor-container elementor-column-gap-default\">\n\t\t\t\t\t<div class=\"elementor-column elementor-col-100 elementor-top-column elementor-element elementor-element-38f3390b\" data-id=\"38f3390b\" data-element_type=\"column\" data-e-type=\"column\">\n\t\t\t<div class=\"elementor-widget-wrap elementor-element-populated\">\n\t\t\t\t\t\t<div class=\"elementor-element elementor-element-4a4b10ea elementor-widget elementor-widget-text-editor\" data-id=\"4a4b10ea\" data-element_type=\"widget\" data-e-type=\"widget\" data-widget_type=\"text-editor.default\">\n\t\t\t\t<div class=\"elementor-widget-container\">\n\t\t\t\t\t\t\t\t\t<p><\/p>\n<h1 class=\"wp-block-heading\" style=\"text-align: center;\"><span style=\"color: #348464;\"><strong>Plantel Miguel Bernal<\/strong><\/span><\/h1>\n<p><\/p>\n<p>A dos cuadras de la plaza principal de Morelia, rumbo al norte, se encuentra el conjunto arquitect\u00f3nico del Conservatorio y Templo de Las Rosas. En estos edificios de invaluable valor art\u00edstico se han escrito varias de las p\u00e1ginas m\u00e1s significativas de la historia de la ciudad.<\/p>\n<p>Aqu\u00ed estuvo en un principio el convento de Monjas Dominicas (1594 \u2013 1738), despu\u00e9s el Colegio de Ni\u00f1as de Santa Rosa Mar\u00eda (1743 a 1870), luego el Hospicio para hombres y mujeres, m\u00e1s tarde un Cuartel Militar y la Casa del Agrarista. A partir de 1950 aloja el Conservatorio de las Rosas.<\/p>\n<p>Hasta 1940, el conjunto abarc\u00f3 una superficie rectangular correspondiente a dos manzanas de la ret\u00edcula urbana, delimitada por las calles actuales Santiago Tapia, Guillermo Prieto, Eduardo Ruiz y Valent\u00edn G\u00f3mez Far\u00edas. Actualmente, ocupa la mitad de la superficie original. Haciendo un recorrido podemos ir detectando y admirando los espacios creados a trav\u00e9s de su historia centenaria.<\/p>\n<p>Tiene al frente un jard\u00edn que sirve de espl\u00e9ndido marco para su apreciaci\u00f3n. Si bien durante la \u00e9poca colonial era una plazuela totalmente despejada, desde el siglo XIX se dise\u00f1\u00f3 el jard\u00edn que hoy disfrutamos, donde los \u00e1rboles de verde follaje y el murmullo del agua de su fuente lo han convertido en un remanso de frescura y tranquilidad en medio del movimiento citadino.<\/p>\n<p>Las fachadas del Conservatorio y el templo adjunto presentan un perfil de variadas formas. El Conservatorio se despliega en dos niveles con marcada horizontalidad; abajo el muro corrido, con dos portadas de acceso, y arriba la danza de arcos de la logia. Son arcos de medio punto sobre finas columnas toscanas de fuste monol\u00edtico que se suceden en r\u00edtmica armon\u00eda.<\/p>\n<p>Al trasponer el umbral de la portada encontramos en la antigua porter\u00eda del convento y despu\u00e9s en los locutorios, donde las monjas pod\u00edan conversar con parientes y amigos a trav\u00e9s de una reja y un velo o intercambiar objetos y regalos por medio de un torno de madera. De aqu\u00ed se pasa al claustro, de un solo nivel, circundado por corredores delimitados por sencillos arcos de cantera que descnsan en robustos pilares toscanos. La sobriedad que observamos en la fachada se repite en el austero interior.<\/p>\n<p>Las baldosas de cantera del piso y los a\u00f1ejos muros y recintos nos transportan al siglo XVII, cuando fue construido el claustro para las monjas dominicas, gracias al obispo fray Marcos Ram\u00edrez de Prado, a quien se debe tambi\u00e9n el inicio de la Catedral.<\/p>\n<p>Alrededor del Claustro se contaban dieciocho piezas; en el lado oriente que hoy ocupa la rector\u00eda, el cuarto de la superiora, una despensa, el refertorio y el pasadizo que daba tr\u00e1nsito a la cocina y al corral; por el lado norte, un amasijo, un cuarto y un sala grande que serv\u00eda de oratorio; hacia el poniente dos galeras grandes donde se ubicaban los dormitorios de las religiosas, \u00e1rea convertida al presente en la biblioteca Ignacio Mier Arriaga; y, en el lado sur un cuarto y dos confesionarios que se comunicaban con el templo.<\/p>\n<p>Se surt\u00edan de agua por medio de un pozo y una fuente de forma hexagonal de agua limpia que a\u00fan admiramos al centro del patio, ubicada con su brocal de cantera labrada con tableros y guardamalletas, elementos t\u00edpicos vallisoletanos.<\/p>\n<p>Durante la \u00e9poca de auge del Colegio, en la segunda mitad del siglo XVIII, se construyeron varios patios m\u00e1s, llegando a contarse hasta doce de ellos; la mayor\u00eda desapareci\u00f3 pero resta el de la esquina donde resid\u00eda el capell\u00e1n del colegio y del templo y hoy ocupa el bachillerato del conservatorio. Es un cuadril\u00e1tero delimitado por corredores en tres de sus lados, con pilares de cantera y hermosas puertas y ventanas de madera ensamblada en tableros con tallas de inspiraci\u00f3n vegetal de dise\u00f1o barroco. Entre las comodidades con que se dot\u00f3 a las colegialas resaltaba la pieza de ba\u00f1o con dos estanques de agua limpia, caliente y fr\u00eda.<\/p>\n<p>En otro patio pervive un lavadero m\u00faltiple de ingenioso dise\u00f1o: son cinco lavaderos en serie con sus respectivas piletas y sus canales de distribuci\u00f3n y de desalojo de agua, todo en cantera labrada en un conjunto de funcionalidad y est\u00e9tica.En el lado norte de este patio, ocupado originalmente por una cocina y hornillas del colegio, se construy\u00f3 recientemente un ala de dos niveles destinada a cub\u00edculos de pr\u00e1cticas musicales; al poniente, el antiguo comedor se ha convertido en sala de instrumentos.<\/p>\n<p>De reciente adaptaci\u00f3n es la Sala Ni\u00f1os Cantores, en lo que fuera un patio intermedio; el espacio abierto se tech\u00f3 y el piso fue acondicionado para acomodar un estrado al frente y doscientas butacas, cre\u00e1ndose una funcional sala de conciertos.<\/p>\n<p>La iglesia que hoy vemos se construy\u00f3 para el colegio, dedic\u00e1ndose a Santa Rosa de Lima, de donde deriv\u00f3 el mote de \u201crosas de castilla\u201d a las educandas y, por extensi\u00f3n, al sitio en general. Fue concluida en 1752 a expensas del obispo Martin Elizacoechea. Su fachada luce una portada doble siguiendo la tradici\u00f3n de los templos de monjas y est\u00e1 ricamente esculpida en estilo barroco con pilastras, medallones, relieves vegetales e im\u00e1genes de santos.<\/p>\n<p>Al interior guarda como relucientes joyas tres retablos de madera tallada y dorada, buena muestra del auge del churrigueresco en la antigua Valladolid. Al pie del altar mayor, presidido por la Virgen de Guadalupe y Santa Rosa, se ven las l\u00e1pidas bajo las cuales reposan los restos de m\u00fasicos eminentes ligados al Conservatorio: Miguel Bernal Jim\u00e9nez, Romano Picutti, Ignacio Mier Arriaga, Gerhart Muench y el can\u00f3nigo Jos\u00e9 Mar\u00eda Villase\u00f1or.<\/p>\n<p><\/p>\n<hr class=\"wp-block-separator\" \/>\n<p><\/p>\t\t\t\t\t\t\t\t<\/div>\n\t\t\t\t<\/div>\n\t\t\t\t\t<\/div>\n\t\t<\/div>\n\t\t\t\t\t<\/div>\n\t\t<\/section>\n\t\t\t\t<\/div>\n\t\t","protected":false},"excerpt":{"rendered":"<p>Planteles Plantel Miguel Bernal A dos cuadras de la plaza principal de Morelia, rumbo al norte, se encuentra el conjunto arquitect\u00f3nico del Conservatorio y Templo de Las Rosas. En estos edificios de invaluable valor art\u00edstico se han escrito varias de las p\u00e1ginas m\u00e1s significativas de la historia de la ciudad. Aqu\u00ed estuvo en un principio el convento de Monjas Dominicas (1594 \u2013 1738), despu\u00e9s el&hellip; <\/p>\n","protected":false},"author":2,"featured_media":0,"parent":32,"menu_order":0,"comment_status":"closed","ping_status":"closed","template":"","meta":{"footnotes":""},"class_list":["post-1254","page","type-page","status-publish","hentry","clearfix"],"_links":{"self":[{"href":"https:\/\/www.conservatoriodelasrosas.edu.mx\/Web\/wp-json\/wp\/v2\/pages\/1254","targetHints":{"allow":["GET"]}}],"collection":[{"href":"https:\/\/www.conservatoriodelasrosas.edu.mx\/Web\/wp-json\/wp\/v2\/pages"}],"about":[{"href":"https:\/\/www.conservatoriodelasrosas.edu.mx\/Web\/wp-json\/wp\/v2\/types\/page"}],"author":[{"embeddable":true,"href":"https:\/\/www.conservatoriodelasrosas.edu.mx\/Web\/wp-json\/wp\/v2\/users\/2"}],"replies":[{"embeddable":true,"href":"https:\/\/www.conservatoriodelasrosas.edu.mx\/Web\/wp-json\/wp\/v2\/comments?post=1254"}],"version-history":[{"count":56,"href":"https:\/\/www.conservatoriodelasrosas.edu.mx\/Web\/wp-json\/wp\/v2\/pages\/1254\/revisions"}],"predecessor-version":[{"id":3248,"href":"https:\/\/www.conservatoriodelasrosas.edu.mx\/Web\/wp-json\/wp\/v2\/pages\/1254\/revisions\/3248"}],"up":[{"embeddable":true,"href":"https:\/\/www.conservatoriodelasrosas.edu.mx\/Web\/wp-json\/wp\/v2\/pages\/32"}],"wp:attachment":[{"href":"https:\/\/www.conservatoriodelasrosas.edu.mx\/Web\/wp-json\/wp\/v2\/media?parent=1254"}],"curies":[{"name":"wp","href":"https:\/\/api.w.org\/{rel}","templated":true}]}}

<div data-elementor-type="wp-page" data-elementor-id="1254" class="elementor elementor-1254">
						<section class="elementor-section elementor-top-section elementor-element elementor-element-5b1ee98 elementor-section-stretched elementor-section-full_width elementor-section-height-min-height elementor-section-height-default elementor-section-items-middle" data-id="5b1ee98" data-element_type="section" data-e-type="section" data-settings="{&quot;stretch_section&quot;:&quot;section-stretched&quot;,&quot;background_background&quot;:&quot;slideshow&quot;,&quot;background_slideshow_gallery&quot;:[{&quot;id&quot;:1257,&quot;url&quot;:&quot;https:\/\/www.conservatoriodelasrosas.edu.mx\/Web\/wp-content\/uploads\/2019\/11\/Dentro-del-conservatorio-scaled.jpg&quot;}],&quot;background_slideshow_loop&quot;:&quot;yes&quot;,&quot;background_slideshow_slide_duration&quot;:5000,&quot;background_slideshow_slide_transition&quot;:&quot;fade&quot;,&quot;background_slideshow_transition_duration&quot;:500}">
						<div class="elementor-container elementor-column-gap-default">
					<div class="elementor-column elementor-col-100 elementor-top-column elementor-element elementor-element-e40bef3" data-id="e40bef3" data-element_type="column" data-e-type="column">
			<div class="elementor-widget-wrap elementor-element-populated">
						<div class="elementor-element elementor-element-ca8bdf0 elementor-widget elementor-widget-heading" data-id="ca8bdf0" data-element_type="widget" data-e-type="widget" data-widget_type="heading.default">
				<div class="elementor-widget-container">
					<h2 class="elementor-heading-title elementor-size-default">Planteles</h2>				</div>
				</div>
					</div>
		</div>
					</div>
		</section>
				<section class="elementor-section elementor-top-section elementor-element elementor-element-472da2aa elementor-section-stretched elementor-section-boxed elementor-section-height-default elementor-section-height-default" data-id="472da2aa" data-element_type="section" data-e-type="section" data-settings="{&quot;stretch_section&quot;:&quot;section-stretched&quot;}">
						<div class="elementor-container elementor-column-gap-default">
					<div class="elementor-column elementor-col-100 elementor-top-column elementor-element elementor-element-38f3390b" data-id="38f3390b" data-element_type="column" data-e-type="column">
			<div class="elementor-widget-wrap elementor-element-populated">
						<div class="elementor-element elementor-element-4a4b10ea elementor-widget elementor-widget-text-editor" data-id="4a4b10ea" data-element_type="widget" data-e-type="widget" data-widget_type="text-editor.default">
				<div class="elementor-widget-container">
									<p></p>
<h1 class="wp-block-heading" style="text-align: center;"><span style="color: #348464;"><strong>Plantel Miguel Bernal</strong></span></h1>
<p></p>
<p>A dos cuadras de la plaza principal de Morelia, rumbo al norte, se encuentra el conjunto arquitectónico del Conservatorio y Templo de Las Rosas. En estos edificios de invaluable valor artístico se han escrito varias de las páginas más significativas de la historia de la ciudad.</p>
<p>Aquí estuvo en un principio el convento de Monjas Dominicas (1594 – 1738), después el Colegio de Niñas de Santa Rosa María (1743 a 1870), luego el Hospicio para hombres y mujeres, más tarde un Cuartel Militar y la Casa del Agrarista. A partir de 1950 aloja el Conservatorio de las Rosas.</p>
<p>Hasta 1940, el conjunto abarcó una superficie rectangular correspondiente a dos manzanas de la retícula urbana, delimitada por las calles actuales Santiago Tapia, Guillermo Prieto, Eduardo Ruiz y Valentín Gómez Farías. Actualmente, ocupa la mitad de la superficie original. Haciendo un recorrido podemos ir detectando y admirando los espacios creados a través de su historia centenaria.</p>
<p>Tiene al frente un jardín que sirve de espléndido marco para su apreciación. Si bien durante la época colonial era una plazuela totalmente despejada, desde el siglo XIX se diseñó el jardín que hoy disfrutamos, donde los árboles de verde follaje y el murmullo del agua de su fuente lo han convertido en un remanso de frescura y tranquilidad en medio del movimiento citadino.</p>
<p>Las fachadas del Conservatorio y el templo adjunto presentan un perfil de variadas formas. El Conservatorio se despliega en dos niveles con marcada horizontalidad; abajo el muro corrido, con dos portadas de acceso, y arriba la danza de arcos de la logia. Son arcos de medio punto sobre finas columnas toscanas de fuste monolítico que se suceden en rítmica armonía.</p>
<p>Al trasponer el umbral de la portada encontramos en la antigua portería del convento y después en los locutorios, donde las monjas podían conversar con parientes y amigos a través de una reja y un velo o intercambiar objetos y regalos por medio de un torno de madera. De aquí se pasa al claustro, de un solo nivel, circundado por corredores delimitados por sencillos arcos de cantera que descnsan en robustos pilares toscanos. La sobriedad que observamos en la fachada se repite en el austero interior.</p>
<p>Las baldosas de cantera del piso y los añejos muros y recintos nos transportan al siglo XVII, cuando fue construido el claustro para las monjas dominicas, gracias al obispo fray Marcos Ramírez de Prado, a quien se debe también el inicio de la Catedral.</p>
<p>Alrededor del Claustro se contaban dieciocho piezas; en el lado oriente que hoy ocupa la rectoría, el cuarto de la superiora, una despensa, el refertorio y el pasadizo que daba tránsito a la cocina y al corral; por el lado norte, un amasijo, un cuarto y un sala grande que servía de oratorio; hacia el poniente dos galeras grandes donde se ubicaban los dormitorios de las religiosas, área convertida al presente en la biblioteca Ignacio Mier Arriaga; y, en el lado sur un cuarto y dos confesionarios que se comunicaban con el templo.</p>
<p>Se surtían de agua por medio de un pozo y una fuente de forma hexagonal de agua limpia que aún admiramos al centro del patio, ubicada con su brocal de cantera labrada con tableros y guardamalletas, elementos típicos vallisoletanos.</p>
<p>Durante la época de auge del Colegio, en la segunda mitad del siglo XVIII, se construyeron varios patios más, llegando a contarse hasta doce de ellos; la mayoría desapareció pero resta el de la esquina donde residía el capellán del colegio y del templo y hoy ocupa el bachillerato del conservatorio. Es un cuadrilátero delimitado por corredores en tres de sus lados, con pilares de cantera y hermosas puertas y ventanas de madera ensamblada en tableros con tallas de inspiración vegetal de diseño barroco. Entre las comodidades con que se dotó a las colegialas resaltaba la pieza de baño con dos estanques de agua limpia, caliente y fría.</p>
<p>En otro patio pervive un lavadero múltiple de ingenioso diseño: son cinco lavaderos en serie con sus respectivas piletas y sus canales de distribución y de desalojo de agua, todo en cantera labrada en un conjunto de funcionalidad y estética.En el lado norte de este patio, ocupado originalmente por una cocina y hornillas del colegio, se construyó recientemente un ala de dos niveles destinada a cubículos de prácticas musicales; al poniente, el antiguo comedor se ha convertido en sala de instrumentos.</p>
<p>De reciente adaptación es la Sala Niños Cantores, en lo que fuera un patio intermedio; el espacio abierto se techó y el piso fue acondicionado para acomodar un estrado al frente y doscientas butacas, creándose una funcional sala de conciertos.</p>
<p>La iglesia que hoy vemos se construyó para el colegio, dedicándose a Santa Rosa de Lima, de donde derivó el mote de “rosas de castilla” a las educandas y, por extensión, al sitio en general. Fue concluida en 1752 a expensas del obispo Martin Elizacoechea. Su fachada luce una portada doble siguiendo la tradición de los templos de monjas y está ricamente esculpida en estilo barroco con pilastras, medallones, relieves vegetales e imágenes de santos.</p>
<p>Al interior guarda como relucientes joyas tres retablos de madera tallada y dorada, buena muestra del auge del churrigueresco en la antigua Valladolid. Al pie del altar mayor, presidido por la Virgen de Guadalupe y Santa Rosa, se ven las lápidas bajo las cuales reposan los restos de músicos eminentes ligados al Conservatorio: Miguel Bernal Jiménez, Romano Picutti, Ignacio Mier Arriaga, Gerhart Muench y el canónigo José María Villaseñor.</p>
<p></p>
<hr class="wp-block-separator" />
<p></p>								</div>
				</div>
					</div>
		</div>
					</div>
		</section>
				</div>

<p>Planteles Plantel Miguel Bernal A dos cuadras de la plaza principal de Morelia, rumbo al norte, se encuentra el conjunto arquitectónico del Conservatorio y Templo de Las Rosas. En estos edificios de invaluable valor artístico se han escrito varias de las páginas más significativas de la historia de la ciudad. Aquí estuvo en un principio el convento de Monjas Dominicas (1594 – 1738), después el&hellip; </p>
