{"id":1413,"date":"2019-12-02T13:26:44","date_gmt":"2019-12-02T19:26:44","guid":{"rendered":"https:\/\/www.conservatoriodelasrosas.edu.mx\/Web\/?page_id=1413"},"modified":"2020-05-24T19:13:26","modified_gmt":"2020-05-25T00:13:26","slug":"por-que-se-llama-asi","status":"publish","type":"page","link":"https:\/\/www.conservatoriodelasrosas.edu.mx\/Web\/el-conservatorio\/por-que-se-llama-asi\/","title":{"rendered":"\u00bfPor qu\u00e9 se llama as\u00ed?"},"content":{"rendered":"\t\t<div data-elementor-type=\"wp-page\" data-elementor-id=\"1413\" class=\"elementor elementor-1413\">\n\t\t\t\t\t\t<section class=\"elementor-section elementor-top-section elementor-element elementor-element-c9211ed elementor-section-stretched elementor-section-full_width elementor-section-height-min-height elementor-section-height-default elementor-section-items-middle\" data-id=\"c9211ed\" data-element_type=\"section\" data-e-type=\"section\" data-settings=\"{&quot;stretch_section&quot;:&quot;section-stretched&quot;,&quot;background_background&quot;:&quot;slideshow&quot;,&quot;background_slideshow_gallery&quot;:[{&quot;id&quot;:1306,&quot;url&quot;:&quot;https:\\\/\\\/www.conservatoriodelasrosas.edu.mx\\\/Web\\\/wp-content\\\/uploads\\\/2019\\\/11\\\/Piano.jpg&quot;}],&quot;background_slideshow_loop&quot;:&quot;yes&quot;,&quot;background_slideshow_slide_duration&quot;:5000,&quot;background_slideshow_slide_transition&quot;:&quot;fade&quot;,&quot;background_slideshow_transition_duration&quot;:500}\">\n\t\t\t\t\t\t<div class=\"elementor-container elementor-column-gap-default\">\n\t\t\t\t\t<div class=\"elementor-column elementor-col-100 elementor-top-column elementor-element elementor-element-ed424df\" data-id=\"ed424df\" data-element_type=\"column\" data-e-type=\"column\">\n\t\t\t<div class=\"elementor-widget-wrap elementor-element-populated\">\n\t\t\t\t\t\t<div class=\"elementor-element elementor-element-25b7615 elementor-widget elementor-widget-heading\" data-id=\"25b7615\" data-element_type=\"widget\" data-e-type=\"widget\" data-widget_type=\"heading.default\">\n\t\t\t\t<div class=\"elementor-widget-container\">\n\t\t\t\t\t<h2 class=\"elementor-heading-title elementor-size-default\">\u00bfPor qu\u00e9 se llama as\u00ed?<\/h2>\t\t\t\t<\/div>\n\t\t\t\t<\/div>\n\t\t\t\t\t<\/div>\n\t\t<\/div>\n\t\t\t\t\t<\/div>\n\t\t<\/section>\n\t\t\t\t<section class=\"elementor-section elementor-top-section elementor-element elementor-element-44fe0b4f elementor-section-stretched elementor-section-full_width elementor-section-height-default elementor-section-height-default\" data-id=\"44fe0b4f\" data-element_type=\"section\" data-e-type=\"section\" data-settings=\"{&quot;stretch_section&quot;:&quot;section-stretched&quot;}\">\n\t\t\t\t\t\t<div class=\"elementor-container elementor-column-gap-default\">\n\t\t\t\t\t<div class=\"elementor-column elementor-col-50 elementor-top-column elementor-element elementor-element-4e2b2d9e\" data-id=\"4e2b2d9e\" data-element_type=\"column\" data-e-type=\"column\">\n\t\t\t<div class=\"elementor-widget-wrap elementor-element-populated\">\n\t\t\t\t\t\t<div class=\"elementor-element elementor-element-6a4db386 elementor-widget elementor-widget-text-editor\" data-id=\"6a4db386\" data-element_type=\"widget\" data-e-type=\"widget\" data-widget_type=\"text-editor.default\">\n\t\t\t\t<div class=\"elementor-widget-container\">\n\t\t\t\t\t\t\t\t\t\n<h3 class=\"wp-block-heading\"><strong>La historia es simple: el nombre lo inventaron los pobladores de la antigua Valladolid, hacia finales del siglo XVII.<\/strong><\/h3>\n<p>Sucede que el Colegio de Santa Rosa, antecedente de nuestro conservatorio, era un espacio dise\u00f1ado exclusivamente para recibir mujeres (ni\u00f1as y j\u00f3venes). Este ten\u00eda una logia (o loggia), elemento arquitect\u00f3nico utilizado profusamente por la arquitectura italiana del siglo xvii, una especie de galer\u00eda o p\u00f3rtico abierto integralmente por al menos uno de sus lados (como ocurre con el nuestro) y sostenido por columnas o arcos. La iglesia que hoy vemos se construy\u00f3 para el colegio, dedic\u00e1ndose a Santa Rosa de Lima, de donde deriv\u00f3 el mote de \u201crosas de castilla\u201d a las educandas y, por extensi\u00f3n, al sitio en general. Fue concluida en 1752 a expensas del obispo Martin Elizacoechea. Su fachada luce una portada doble siguiendo la tradici\u00f3n de los templos de monjas y est\u00e1 ricamente esculpida en estilo barroco con pilastras, medallones, relieves vegetales e im\u00e1genes de santos.<\/p>\n\t\t\t\t\t\t\t\t<\/div>\n\t\t\t\t<\/div>\n\t\t\t\t\t<\/div>\n\t\t<\/div>\n\t\t\t\t<div class=\"elementor-column elementor-col-50 elementor-top-column elementor-element elementor-element-0601c0a\" data-id=\"0601c0a\" data-element_type=\"column\" data-e-type=\"column\">\n\t\t\t<div class=\"elementor-widget-wrap elementor-element-populated\">\n\t\t\t\t\t\t<div class=\"elementor-element elementor-element-401ac1e elementor-widget elementor-widget-image\" data-id=\"401ac1e\" data-element_type=\"widget\" data-e-type=\"widget\" data-widget_type=\"image.default\">\n\t\t\t\t<div class=\"elementor-widget-container\">\n\t\t\t\t\t\t\t\t\t\t\t\t\t\t\t<img fetchpriority=\"high\" decoding=\"async\" width=\"790\" height=\"449\" src=\"https:\/\/www.conservatoriodelasrosas.edu.mx\/Web\/wp-content\/uploads\/2019\/12\/Plaza-del-conservatorio-1024x582.jpg\" class=\"attachment-large size-large wp-image-1498\" alt=\"\" srcset=\"https:\/\/www.conservatoriodelasrosas.edu.mx\/Web\/wp-content\/uploads\/2019\/12\/Plaza-del-conservatorio-1024x582.jpg 1024w, https:\/\/www.conservatoriodelasrosas.edu.mx\/Web\/wp-content\/uploads\/2019\/12\/Plaza-del-conservatorio-300x171.jpg 300w, https:\/\/www.conservatoriodelasrosas.edu.mx\/Web\/wp-content\/uploads\/2019\/12\/Plaza-del-conservatorio-768x437.jpg 768w, https:\/\/www.conservatoriodelasrosas.edu.mx\/Web\/wp-content\/uploads\/2019\/12\/Plaza-del-conservatorio-1536x874.jpg 1536w, https:\/\/www.conservatoriodelasrosas.edu.mx\/Web\/wp-content\/uploads\/2019\/12\/Plaza-del-conservatorio-2048x1165.jpg 2048w\" sizes=\"(max-width: 790px) 100vw, 790px\" \/>\t\t\t\t\t\t\t\t\t\t\t\t\t\t\t<\/div>\n\t\t\t\t<\/div>\n\t\t\t\t\t<\/div>\n\t\t<\/div>\n\t\t\t\t\t<\/div>\n\t\t<\/section>\n\t\t\t\t<\/div>\n\t\t","protected":false},"excerpt":{"rendered":"<p>\u00bfPor qu\u00e9 se llama as\u00ed? La historia es simple: el nombre lo inventaron los pobladores de la antigua Valladolid, hacia finales del siglo XVII. Sucede que el Colegio de Santa Rosa, antecedente de nuestro conservatorio, era un espacio dise\u00f1ado exclusivamente para recibir mujeres (ni\u00f1as y j\u00f3venes). Este ten\u00eda una logia (o loggia), elemento arquitect\u00f3nico utilizado profusamente por la arquitectura italiana del siglo xvii, una especie&hellip; <\/p>\n","protected":false},"author":2,"featured_media":0,"parent":32,"menu_order":0,"comment_status":"closed","ping_status":"closed","template":"","meta":{"footnotes":""},"class_list":["post-1413","page","type-page","status-publish","hentry","clearfix"],"_links":{"self":[{"href":"https:\/\/www.conservatoriodelasrosas.edu.mx\/Web\/wp-json\/wp\/v2\/pages\/1413","targetHints":{"allow":["GET"]}}],"collection":[{"href":"https:\/\/www.conservatoriodelasrosas.edu.mx\/Web\/wp-json\/wp\/v2\/pages"}],"about":[{"href":"https:\/\/www.conservatoriodelasrosas.edu.mx\/Web\/wp-json\/wp\/v2\/types\/page"}],"author":[{"embeddable":true,"href":"https:\/\/www.conservatoriodelasrosas.edu.mx\/Web\/wp-json\/wp\/v2\/users\/2"}],"replies":[{"embeddable":true,"href":"https:\/\/www.conservatoriodelasrosas.edu.mx\/Web\/wp-json\/wp\/v2\/comments?post=1413"}],"version-history":[{"count":6,"href":"https:\/\/www.conservatoriodelasrosas.edu.mx\/Web\/wp-json\/wp\/v2\/pages\/1413\/revisions"}],"predecessor-version":[{"id":2874,"href":"https:\/\/www.conservatoriodelasrosas.edu.mx\/Web\/wp-json\/wp\/v2\/pages\/1413\/revisions\/2874"}],"up":[{"embeddable":true,"href":"https:\/\/www.conservatoriodelasrosas.edu.mx\/Web\/wp-json\/wp\/v2\/pages\/32"}],"wp:attachment":[{"href":"https:\/\/www.conservatoriodelasrosas.edu.mx\/Web\/wp-json\/wp\/v2\/media?parent=1413"}],"curies":[{"name":"wp","href":"https:\/\/api.w.org\/{rel}","templated":true}]}}

¿Por qué se llama así?

<div data-elementor-type="wp-page" data-elementor-id="1413" class="elementor elementor-1413">
						<section class="elementor-section elementor-top-section elementor-element elementor-element-c9211ed elementor-section-stretched elementor-section-full_width elementor-section-height-min-height elementor-section-height-default elementor-section-items-middle" data-id="c9211ed" data-element_type="section" data-e-type="section" data-settings="{&quot;stretch_section&quot;:&quot;section-stretched&quot;,&quot;background_background&quot;:&quot;slideshow&quot;,&quot;background_slideshow_gallery&quot;:[{&quot;id&quot;:1306,&quot;url&quot;:&quot;https:\/\/www.conservatoriodelasrosas.edu.mx\/Web\/wp-content\/uploads\/2019\/11\/Piano.jpg&quot;}],&quot;background_slideshow_loop&quot;:&quot;yes&quot;,&quot;background_slideshow_slide_duration&quot;:5000,&quot;background_slideshow_slide_transition&quot;:&quot;fade&quot;,&quot;background_slideshow_transition_duration&quot;:500}">
						<div class="elementor-container elementor-column-gap-default">
					<div class="elementor-column elementor-col-100 elementor-top-column elementor-element elementor-element-ed424df" data-id="ed424df" data-element_type="column" data-e-type="column">
			<div class="elementor-widget-wrap elementor-element-populated">
						<div class="elementor-element elementor-element-25b7615 elementor-widget elementor-widget-heading" data-id="25b7615" data-element_type="widget" data-e-type="widget" data-widget_type="heading.default">
				<div class="elementor-widget-container">
					<h2 class="elementor-heading-title elementor-size-default">¿Por qué se llama así?</h2>				</div>
				</div>
					</div>
		</div>
					</div>
		</section>
				<section class="elementor-section elementor-top-section elementor-element elementor-element-44fe0b4f elementor-section-stretched elementor-section-full_width elementor-section-height-default elementor-section-height-default" data-id="44fe0b4f" data-element_type="section" data-e-type="section" data-settings="{&quot;stretch_section&quot;:&quot;section-stretched&quot;}">
						<div class="elementor-container elementor-column-gap-default">
					<div class="elementor-column elementor-col-50 elementor-top-column elementor-element elementor-element-4e2b2d9e" data-id="4e2b2d9e" data-element_type="column" data-e-type="column">
			<div class="elementor-widget-wrap elementor-element-populated">
						<div class="elementor-element elementor-element-6a4db386 elementor-widget elementor-widget-text-editor" data-id="6a4db386" data-element_type="widget" data-e-type="widget" data-widget_type="text-editor.default">
				<div class="elementor-widget-container">
									
<h3 class="wp-block-heading"><strong>La historia es simple: el nombre lo inventaron los pobladores de la antigua Valladolid, hacia finales del siglo XVII.</strong></h3>
<p>Sucede que el Colegio de Santa Rosa, antecedente de nuestro conservatorio, era un espacio diseñado exclusivamente para recibir mujeres (niñas y jóvenes). Este tenía una logia (o loggia), elemento arquitectónico utilizado profusamente por la arquitectura italiana del siglo xvii, una especie de galería o pórtico abierto integralmente por al menos uno de sus lados (como ocurre con el nuestro) y sostenido por columnas o arcos. La iglesia que hoy vemos se construyó para el colegio, dedicándose a Santa Rosa de Lima, de donde derivó el mote de “rosas de castilla” a las educandas y, por extensión, al sitio en general. Fue concluida en 1752 a expensas del obispo Martin Elizacoechea. Su fachada luce una portada doble siguiendo la tradición de los templos de monjas y está ricamente esculpida en estilo barroco con pilastras, medallones, relieves vegetales e imágenes de santos.</p>
								</div>
				</div>
					</div>
		</div>
				<div class="elementor-column elementor-col-50 elementor-top-column elementor-element elementor-element-0601c0a" data-id="0601c0a" data-element_type="column" data-e-type="column">
			<div class="elementor-widget-wrap elementor-element-populated">
						<div class="elementor-element elementor-element-401ac1e elementor-widget elementor-widget-image" data-id="401ac1e" data-element_type="widget" data-e-type="widget" data-widget_type="image.default">
				<div class="elementor-widget-container">
															<img fetchpriority="high" decoding="async" width="790" height="449" src="https://www.conservatoriodelasrosas.edu.mx/Web/wp-content/uploads/2019/12/Plaza-del-conservatorio-1024x582.jpg" class="attachment-large size-large wp-image-1498" alt="" srcset="https://www.conservatoriodelasrosas.edu.mx/Web/wp-content/uploads/2019/12/Plaza-del-conservatorio-1024x582.jpg 1024w, https://www.conservatoriodelasrosas.edu.mx/Web/wp-content/uploads/2019/12/Plaza-del-conservatorio-300x171.jpg 300w, https://www.conservatoriodelasrosas.edu.mx/Web/wp-content/uploads/2019/12/Plaza-del-conservatorio-768x437.jpg 768w, https://www.conservatoriodelasrosas.edu.mx/Web/wp-content/uploads/2019/12/Plaza-del-conservatorio-1536x874.jpg 1536w, https://www.conservatoriodelasrosas.edu.mx/Web/wp-content/uploads/2019/12/Plaza-del-conservatorio-2048x1165.jpg 2048w" sizes="(max-width: 790px) 100vw, 790px" />															</div>
				</div>
					</div>
		</div>
					</div>
		</section>
				</div>

<p>¿Por qué se llama así? La historia es simple: el nombre lo inventaron los pobladores de la antigua Valladolid, hacia finales del siglo XVII. Sucede que el Colegio de Santa Rosa, antecedente de nuestro conservatorio, era un espacio diseñado exclusivamente para recibir mujeres (niñas y jóvenes). Este tenía una logia (o loggia), elemento arquitectónico utilizado profusamente por la arquitectura italiana del siglo xvii, una especie&hellip; </p>
