{"id":1509,"date":"2019-12-13T12:03:10","date_gmt":"2019-12-13T18:03:10","guid":{"rendered":"https:\/\/www.conservatoriodelasrosas.edu.mx\/Web\/?page_id=1509"},"modified":"2020-06-02T01:04:35","modified_gmt":"2020-06-02T06:04:35","slug":"composicion-2","status":"publish","type":"page","link":"https:\/\/www.conservatoriodelasrosas.edu.mx\/Web\/campus-miguel-bernal\/nuestros-catedraticos\/composicion-2\/","title":{"rendered":"Composici\u00f3n"},"content":{"rendered":"\t\t<div data-elementor-type=\"wp-page\" data-elementor-id=\"1509\" class=\"elementor elementor-1509\">\n\t\t\t\t\t\t<section class=\"elementor-section elementor-top-section elementor-element elementor-element-be234bc elementor-section-stretched elementor-section-full_width elementor-section-height-min-height elementor-section-height-default elementor-section-items-middle\" data-id=\"be234bc\" data-element_type=\"section\" data-e-type=\"section\" data-settings=\"{&quot;stretch_section&quot;:&quot;section-stretched&quot;,&quot;background_background&quot;:&quot;slideshow&quot;,&quot;background_slideshow_gallery&quot;:[{&quot;id&quot;:2040,&quot;url&quot;:&quot;https:\\\/\\\/www.conservatoriodelasrosas.edu.mx\\\/Web\\\/wp-content\\\/uploads\\\/2020\\\/01\\\/Composici\\u00f3n-1.jpg&quot;}],&quot;background_slideshow_loop&quot;:&quot;yes&quot;,&quot;background_slideshow_slide_duration&quot;:5000,&quot;background_slideshow_slide_transition&quot;:&quot;fade&quot;,&quot;background_slideshow_transition_duration&quot;:500}\">\n\t\t\t\t\t\t<div class=\"elementor-container elementor-column-gap-default\">\n\t\t\t\t\t<div class=\"elementor-column elementor-col-100 elementor-top-column elementor-element elementor-element-1f81531\" data-id=\"1f81531\" data-element_type=\"column\" data-e-type=\"column\">\n\t\t\t<div class=\"elementor-widget-wrap elementor-element-populated\">\n\t\t\t\t\t\t<div class=\"elementor-element elementor-element-3e784af elementor-widget elementor-widget-heading\" data-id=\"3e784af\" data-element_type=\"widget\" data-e-type=\"widget\" data-widget_type=\"heading.default\">\n\t\t\t\t<div class=\"elementor-widget-container\">\n\t\t\t\t\t<h1 class=\"elementor-heading-title elementor-size-xl\">Composici\u00f3n<\/h1>\t\t\t\t<\/div>\n\t\t\t\t<\/div>\n\t\t\t\t\t<\/div>\n\t\t<\/div>\n\t\t\t\t\t<\/div>\n\t\t<\/section>\n\t\t\t\t<section class=\"elementor-section elementor-top-section elementor-element elementor-element-254ffa4d elementor-section-stretched elementor-section-boxed elementor-section-height-default elementor-section-height-default\" data-id=\"254ffa4d\" data-element_type=\"section\" data-e-type=\"section\" data-settings=\"{&quot;stretch_section&quot;:&quot;section-stretched&quot;}\">\n\t\t\t\t\t\t<div class=\"elementor-container elementor-column-gap-default\">\n\t\t\t\t\t<div class=\"elementor-column elementor-col-25 elementor-top-column elementor-element elementor-element-4771102f\" data-id=\"4771102f\" data-element_type=\"column\" data-e-type=\"column\">\n\t\t\t<div class=\"elementor-widget-wrap elementor-element-populated\">\n\t\t\t\t\t\t<div class=\"elementor-element elementor-element-77eba553 elementor-widget elementor-widget-image\" data-id=\"77eba553\" data-element_type=\"widget\" data-e-type=\"widget\" data-widget_type=\"image.default\">\n\t\t\t\t<div class=\"elementor-widget-container\">\n\t\t\t\t\t\t\t\t\t\t\t\t\t\t\t\t<a href=\"https:\/\/www.conservatoriodelasrosas.edu.mx\/Web\/jesus-miguel-bucio-reyes\/\">\n\t\t\t\t\t\t\t<img decoding=\"async\" width=\"200\" height=\"200\" src=\"https:\/\/www.conservatoriodelasrosas.edu.mx\/Web\/wp-content\/uploads\/2020\/01\/Jes\u00fas-Miguel-Bucio-Reyes-1.jpg\" class=\"attachment-large size-large wp-image-2397\" alt=\"\" srcset=\"https:\/\/www.conservatoriodelasrosas.edu.mx\/Web\/wp-content\/uploads\/2020\/01\/Jes\u00fas-Miguel-Bucio-Reyes-1.jpg 200w, https:\/\/www.conservatoriodelasrosas.edu.mx\/Web\/wp-content\/uploads\/2020\/01\/Jes\u00fas-Miguel-Bucio-Reyes-1-150x150.jpg 150w\" sizes=\"(max-width: 200px) 100vw, 200px\" \/>\t\t\t\t\t\t\t\t<\/a>\n\t\t\t\t\t\t\t\t\t\t\t\t\t\t\t<\/div>\n\t\t\t\t<\/div>\n\t\t\t\t<div class=\"elementor-element elementor-element-3b143b7e elementor-widget elementor-widget-heading\" data-id=\"3b143b7e\" data-element_type=\"widget\" data-e-type=\"widget\" data-widget_type=\"heading.default\">\n\t\t\t\t<div class=\"elementor-widget-container\">\n\t\t\t\t\t<h2 class=\"elementor-heading-title elementor-size-small\"><a href=\"https:\/\/www.conservatoriodelasrosas.edu.mx\/Web\/jesus-miguel-bucio-reyes\/\">Jes\u00fas Miguel Bucio Reyes<\/a><\/h2>\t\t\t\t<\/div>\n\t\t\t\t<\/div>\n\t\t\t\t\t<\/div>\n\t\t<\/div>\n\t\t\t\t<div class=\"elementor-column elementor-col-25 elementor-top-column elementor-element elementor-element-2f1d6389\" data-id=\"2f1d6389\" data-element_type=\"column\" data-e-type=\"column\">\n\t\t\t<div class=\"elementor-widget-wrap elementor-element-populated\">\n\t\t\t\t\t\t<div class=\"elementor-element elementor-element-300955ad elementor-widget elementor-widget-image\" data-id=\"300955ad\" data-element_type=\"widget\" data-e-type=\"widget\" data-widget_type=\"image.default\">\n\t\t\t\t<div class=\"elementor-widget-container\">\n\t\t\t\t\t\t\t\t\t\t\t\t\t\t\t\t<a href=\"https:\/\/www.conservatoriodelasrosas.edu.mx\/Web\/jose-francisco-cruz-romero\/\">\n\t\t\t\t\t\t\t<img decoding=\"async\" width=\"200\" height=\"200\" src=\"https:\/\/www.conservatoriodelasrosas.edu.mx\/Web\/wp-content\/uploads\/2020\/01\/Jos\u00e9-Francisco-Cruz-Romero.jpg\" class=\"attachment-large size-large wp-image-2014\" alt=\"\" srcset=\"https:\/\/www.conservatoriodelasrosas.edu.mx\/Web\/wp-content\/uploads\/2020\/01\/Jos\u00e9-Francisco-Cruz-Romero.jpg 200w, https:\/\/www.conservatoriodelasrosas.edu.mx\/Web\/wp-content\/uploads\/2020\/01\/Jos\u00e9-Francisco-Cruz-Romero-150x150.jpg 150w\" sizes=\"(max-width: 200px) 100vw, 200px\" \/>\t\t\t\t\t\t\t\t<\/a>\n\t\t\t\t\t\t\t\t\t\t\t\t\t\t\t<\/div>\n\t\t\t\t<\/div>\n\t\t\t\t<div class=\"elementor-element elementor-element-52890207 elementor-widget elementor-widget-heading\" data-id=\"52890207\" data-element_type=\"widget\" data-e-type=\"widget\" data-widget_type=\"heading.default\">\n\t\t\t\t<div class=\"elementor-widget-container\">\n\t\t\t\t\t<h2 class=\"elementor-heading-title elementor-size-small\"><a href=\"https:\/\/www.conservatoriodelasrosas.edu.mx\/Web\/jose-francisco-cruz-romero\/\">Jos\u00e9 Francisco Cruz Romero<\/a><\/h2>\t\t\t\t<\/div>\n\t\t\t\t<\/div>\n\t\t\t\t\t<\/div>\n\t\t<\/div>\n\t\t\t\t<div class=\"elementor-column elementor-col-25 elementor-top-column elementor-element elementor-element-6134ef19\" data-id=\"6134ef19\" data-element_type=\"column\" data-e-type=\"column\">\n\t\t\t<div class=\"elementor-widget-wrap elementor-element-populated\">\n\t\t\t\t\t\t<div class=\"elementor-element elementor-element-152a0b52 elementor-widget elementor-widget-image\" data-id=\"152a0b52\" data-element_type=\"widget\" data-e-type=\"widget\" data-widget_type=\"image.default\">\n\t\t\t\t<div class=\"elementor-widget-container\">\n\t\t\t\t\t\t\t\t\t\t\t\t\t\t\t\t<a href=\"https:\/\/www.conservatoriodelasrosas.edu.mx\/Web\/ignacio-martinez-madrigal\/\">\n\t\t\t\t\t\t\t<img decoding=\"async\" width=\"200\" height=\"200\" src=\"https:\/\/www.conservatoriodelasrosas.edu.mx\/Web\/wp-content\/uploads\/2020\/01\/Ignacio-Mart\u00ednez-Madrigal.jpg\" class=\"attachment-large size-large wp-image-2016\" alt=\"\" srcset=\"https:\/\/www.conservatoriodelasrosas.edu.mx\/Web\/wp-content\/uploads\/2020\/01\/Ignacio-Mart\u00ednez-Madrigal.jpg 200w, https:\/\/www.conservatoriodelasrosas.edu.mx\/Web\/wp-content\/uploads\/2020\/01\/Ignacio-Mart\u00ednez-Madrigal-150x150.jpg 150w\" sizes=\"(max-width: 200px) 100vw, 200px\" \/>\t\t\t\t\t\t\t\t<\/a>\n\t\t\t\t\t\t\t\t\t\t\t\t\t\t\t<\/div>\n\t\t\t\t<\/div>\n\t\t\t\t<div class=\"elementor-element elementor-element-79382db4 elementor-widget elementor-widget-heading\" data-id=\"79382db4\" data-element_type=\"widget\" data-e-type=\"widget\" data-widget_type=\"heading.default\">\n\t\t\t\t<div class=\"elementor-widget-container\">\n\t\t\t\t\t<h2 class=\"elementor-heading-title elementor-size-small\"><a href=\"https:\/\/www.conservatoriodelasrosas.edu.mx\/Web\/ignacio-martinez-madrigal\/\">Ignacio Mart\u00ednez Madrigal<\/a><\/h2>\t\t\t\t<\/div>\n\t\t\t\t<\/div>\n\t\t\t\t\t<\/div>\n\t\t<\/div>\n\t\t\t\t<div class=\"elementor-column elementor-col-25 elementor-top-column elementor-element elementor-element-1b4650e7\" data-id=\"1b4650e7\" data-element_type=\"column\" data-e-type=\"column\">\n\t\t\t<div class=\"elementor-widget-wrap elementor-element-populated\">\n\t\t\t\t\t\t<div class=\"elementor-element elementor-element-153d443d elementor-widget elementor-widget-image\" data-id=\"153d443d\" data-element_type=\"widget\" data-e-type=\"widget\" data-widget_type=\"image.default\">\n\t\t\t\t<div class=\"elementor-widget-container\">\n\t\t\t\t\t\t\t\t\t\t\t\t\t\t\t\t<a href=\"https:\/\/www.conservatoriodelasrosas.edu.mx\/Web\/eduardo-solis-marin\/\">\n\t\t\t\t\t\t\t<img loading=\"lazy\" decoding=\"async\" width=\"200\" height=\"200\" src=\"https:\/\/www.conservatoriodelasrosas.edu.mx\/Web\/wp-content\/uploads\/2020\/01\/Eduardo-Sol\u00eds-Mar\u00edn.jpg\" class=\"attachment-large size-large wp-image-2017\" alt=\"\" srcset=\"https:\/\/www.conservatoriodelasrosas.edu.mx\/Web\/wp-content\/uploads\/2020\/01\/Eduardo-Sol\u00eds-Mar\u00edn.jpg 200w, https:\/\/www.conservatoriodelasrosas.edu.mx\/Web\/wp-content\/uploads\/2020\/01\/Eduardo-Sol\u00eds-Mar\u00edn-150x150.jpg 150w\" sizes=\"(max-width: 200px) 100vw, 200px\" \/>\t\t\t\t\t\t\t\t<\/a>\n\t\t\t\t\t\t\t\t\t\t\t\t\t\t\t<\/div>\n\t\t\t\t<\/div>\n\t\t\t\t<div class=\"elementor-element elementor-element-c3a3f90 elementor-widget elementor-widget-heading\" data-id=\"c3a3f90\" data-element_type=\"widget\" data-e-type=\"widget\" data-widget_type=\"heading.default\">\n\t\t\t\t<div class=\"elementor-widget-container\">\n\t\t\t\t\t<h2 class=\"elementor-heading-title elementor-size-small\"><a href=\"https:\/\/www.conservatoriodelasrosas.edu.mx\/Web\/eduardo-solis-marin\/\">Eduardo Sol\u00eds Mar\u00edn<\/a><\/h2>\t\t\t\t<\/div>\n\t\t\t\t<\/div>\n\t\t\t\t\t<\/div>\n\t\t<\/div>\n\t\t\t\t\t<\/div>\n\t\t<\/section>\n\t\t\t\t<\/div>\n\t\t","protected":false},"excerpt":{"rendered":"<p>Composici\u00f3n Jes\u00fas Miguel Bucio Reyes Jos\u00e9 Francisco Cruz Romero Ignacio Mart\u00ednez Madrigal Eduardo Sol\u00eds Mar\u00edn<\/p>\n","protected":false},"author":2,"featured_media":0,"parent":1127,"menu_order":0,"comment_status":"closed","ping_status":"closed","template":"","meta":{"footnotes":""},"class_list":["post-1509","page","type-page","status-publish","hentry","clearfix"],"_links":{"self":[{"href":"https:\/\/www.conservatoriodelasrosas.edu.mx\/Web\/wp-json\/wp\/v2\/pages\/1509","targetHints":{"allow":["GET"]}}],"collection":[{"href":"https:\/\/www.conservatoriodelasrosas.edu.mx\/Web\/wp-json\/wp\/v2\/pages"}],"about":[{"href":"https:\/\/www.conservatoriodelasrosas.edu.mx\/Web\/wp-json\/wp\/v2\/types\/page"}],"author":[{"embeddable":true,"href":"https:\/\/www.conservatoriodelasrosas.edu.mx\/Web\/wp-json\/wp\/v2\/users\/2"}],"replies":[{"embeddable":true,"href":"https:\/\/www.conservatoriodelasrosas.edu.mx\/Web\/wp-json\/wp\/v2\/comments?post=1509"}],"version-history":[{"count":24,"href":"https:\/\/www.conservatoriodelasrosas.edu.mx\/Web\/wp-json\/wp\/v2\/pages\/1509\/revisions"}],"predecessor-version":[{"id":2398,"href":"https:\/\/www.conservatoriodelasrosas.edu.mx\/Web\/wp-json\/wp\/v2\/pages\/1509\/revisions\/2398"}],"up":[{"embeddable":true,"href":"https:\/\/www.conservatoriodelasrosas.edu.mx\/Web\/wp-json\/wp\/v2\/pages\/1127"}],"wp:attachment":[{"href":"https:\/\/www.conservatoriodelasrosas.edu.mx\/Web\/wp-json\/wp\/v2\/media?parent=1509"}],"curies":[{"name":"wp","href":"https:\/\/api.w.org\/{rel}","templated":true}]}}

Composición

<div data-elementor-type="wp-page" data-elementor-id="1509" class="elementor elementor-1509">
						<section class="elementor-section elementor-top-section elementor-element elementor-element-be234bc elementor-section-stretched elementor-section-full_width elementor-section-height-min-height elementor-section-height-default elementor-section-items-middle" data-id="be234bc" data-element_type="section" data-e-type="section" data-settings="{&quot;stretch_section&quot;:&quot;section-stretched&quot;,&quot;background_background&quot;:&quot;slideshow&quot;,&quot;background_slideshow_gallery&quot;:[{&quot;id&quot;:2040,&quot;url&quot;:&quot;https:\/\/www.conservatoriodelasrosas.edu.mx\/Web\/wp-content\/uploads\/2020\/01\/Composici\u00f3n-1.jpg&quot;}],&quot;background_slideshow_loop&quot;:&quot;yes&quot;,&quot;background_slideshow_slide_duration&quot;:5000,&quot;background_slideshow_slide_transition&quot;:&quot;fade&quot;,&quot;background_slideshow_transition_duration&quot;:500}">
						<div class="elementor-container elementor-column-gap-default">
					<div class="elementor-column elementor-col-100 elementor-top-column elementor-element elementor-element-1f81531" data-id="1f81531" data-element_type="column" data-e-type="column">
			<div class="elementor-widget-wrap elementor-element-populated">
						<div class="elementor-element elementor-element-3e784af elementor-widget elementor-widget-heading" data-id="3e784af" data-element_type="widget" data-e-type="widget" data-widget_type="heading.default">
				<div class="elementor-widget-container">
					<h1 class="elementor-heading-title elementor-size-xl">Composición</h1>				</div>
				</div>
					</div>
		</div>
					</div>
		</section>
				<section class="elementor-section elementor-top-section elementor-element elementor-element-254ffa4d elementor-section-stretched elementor-section-boxed elementor-section-height-default elementor-section-height-default" data-id="254ffa4d" data-element_type="section" data-e-type="section" data-settings="{&quot;stretch_section&quot;:&quot;section-stretched&quot;}">
						<div class="elementor-container elementor-column-gap-default">
					<div class="elementor-column elementor-col-25 elementor-top-column elementor-element elementor-element-4771102f" data-id="4771102f" data-element_type="column" data-e-type="column">
			<div class="elementor-widget-wrap elementor-element-populated">
						<div class="elementor-element elementor-element-77eba553 elementor-widget elementor-widget-image" data-id="77eba553" data-element_type="widget" data-e-type="widget" data-widget_type="image.default">
				<div class="elementor-widget-container">
																<a href="https://www.conservatoriodelasrosas.edu.mx/Web/jesus-miguel-bucio-reyes/">
							<img decoding="async" width="200" height="200" src="https://www.conservatoriodelasrosas.edu.mx/Web/wp-content/uploads/2020/01/Jesús-Miguel-Bucio-Reyes-1.jpg" class="attachment-large size-large wp-image-2397" alt="" srcset="https://www.conservatoriodelasrosas.edu.mx/Web/wp-content/uploads/2020/01/Jesús-Miguel-Bucio-Reyes-1.jpg 200w, https://www.conservatoriodelasrosas.edu.mx/Web/wp-content/uploads/2020/01/Jesús-Miguel-Bucio-Reyes-1-150x150.jpg 150w" sizes="(max-width: 200px) 100vw, 200px" />								</a>
															</div>
				</div>
				<div class="elementor-element elementor-element-3b143b7e elementor-widget elementor-widget-heading" data-id="3b143b7e" data-element_type="widget" data-e-type="widget" data-widget_type="heading.default">
				<div class="elementor-widget-container">
					<h2 class="elementor-heading-title elementor-size-small"><a href="https://www.conservatoriodelasrosas.edu.mx/Web/jesus-miguel-bucio-reyes/">Jesús Miguel Bucio Reyes</a></h2>				</div>
				</div>
					</div>
		</div>
				<div class="elementor-column elementor-col-25 elementor-top-column elementor-element elementor-element-2f1d6389" data-id="2f1d6389" data-element_type="column" data-e-type="column">
			<div class="elementor-widget-wrap elementor-element-populated">
						<div class="elementor-element elementor-element-300955ad elementor-widget elementor-widget-image" data-id="300955ad" data-element_type="widget" data-e-type="widget" data-widget_type="image.default">
				<div class="elementor-widget-container">
																<a href="https://www.conservatoriodelasrosas.edu.mx/Web/jose-francisco-cruz-romero/">
							<img decoding="async" width="200" height="200" src="https://www.conservatoriodelasrosas.edu.mx/Web/wp-content/uploads/2020/01/José-Francisco-Cruz-Romero.jpg" class="attachment-large size-large wp-image-2014" alt="" srcset="https://www.conservatoriodelasrosas.edu.mx/Web/wp-content/uploads/2020/01/José-Francisco-Cruz-Romero.jpg 200w, https://www.conservatoriodelasrosas.edu.mx/Web/wp-content/uploads/2020/01/José-Francisco-Cruz-Romero-150x150.jpg 150w" sizes="(max-width: 200px) 100vw, 200px" />								</a>
															</div>
				</div>
				<div class="elementor-element elementor-element-52890207 elementor-widget elementor-widget-heading" data-id="52890207" data-element_type="widget" data-e-type="widget" data-widget_type="heading.default">
				<div class="elementor-widget-container">
					<h2 class="elementor-heading-title elementor-size-small"><a href="https://www.conservatoriodelasrosas.edu.mx/Web/jose-francisco-cruz-romero/">José Francisco Cruz Romero</a></h2>				</div>
				</div>
					</div>
		</div>
				<div class="elementor-column elementor-col-25 elementor-top-column elementor-element elementor-element-6134ef19" data-id="6134ef19" data-element_type="column" data-e-type="column">
			<div class="elementor-widget-wrap elementor-element-populated">
						<div class="elementor-element elementor-element-152a0b52 elementor-widget elementor-widget-image" data-id="152a0b52" data-element_type="widget" data-e-type="widget" data-widget_type="image.default">
				<div class="elementor-widget-container">
																<a href="https://www.conservatoriodelasrosas.edu.mx/Web/ignacio-martinez-madrigal/">
							<img decoding="async" width="200" height="200" src="https://www.conservatoriodelasrosas.edu.mx/Web/wp-content/uploads/2020/01/Ignacio-Martínez-Madrigal.jpg" class="attachment-large size-large wp-image-2016" alt="" srcset="https://www.conservatoriodelasrosas.edu.mx/Web/wp-content/uploads/2020/01/Ignacio-Martínez-Madrigal.jpg 200w, https://www.conservatoriodelasrosas.edu.mx/Web/wp-content/uploads/2020/01/Ignacio-Martínez-Madrigal-150x150.jpg 150w" sizes="(max-width: 200px) 100vw, 200px" />								</a>
															</div>
				</div>
				<div class="elementor-element elementor-element-79382db4 elementor-widget elementor-widget-heading" data-id="79382db4" data-element_type="widget" data-e-type="widget" data-widget_type="heading.default">
				<div class="elementor-widget-container">
					<h2 class="elementor-heading-title elementor-size-small"><a href="https://www.conservatoriodelasrosas.edu.mx/Web/ignacio-martinez-madrigal/">Ignacio Martínez Madrigal</a></h2>				</div>
				</div>
					</div>
		</div>
				<div class="elementor-column elementor-col-25 elementor-top-column elementor-element elementor-element-1b4650e7" data-id="1b4650e7" data-element_type="column" data-e-type="column">
			<div class="elementor-widget-wrap elementor-element-populated">
						<div class="elementor-element elementor-element-153d443d elementor-widget elementor-widget-image" data-id="153d443d" data-element_type="widget" data-e-type="widget" data-widget_type="image.default">
				<div class="elementor-widget-container">
																<a href="https://www.conservatoriodelasrosas.edu.mx/Web/eduardo-solis-marin/">
							<img loading="lazy" decoding="async" width="200" height="200" src="https://www.conservatoriodelasrosas.edu.mx/Web/wp-content/uploads/2020/01/Eduardo-Solís-Marín.jpg" class="attachment-large size-large wp-image-2017" alt="" srcset="https://www.conservatoriodelasrosas.edu.mx/Web/wp-content/uploads/2020/01/Eduardo-Solís-Marín.jpg 200w, https://www.conservatoriodelasrosas.edu.mx/Web/wp-content/uploads/2020/01/Eduardo-Solís-Marín-150x150.jpg 150w" sizes="(max-width: 200px) 100vw, 200px" />								</a>
															</div>
				</div>
				<div class="elementor-element elementor-element-c3a3f90 elementor-widget elementor-widget-heading" data-id="c3a3f90" data-element_type="widget" data-e-type="widget" data-widget_type="heading.default">
				<div class="elementor-widget-container">
					<h2 class="elementor-heading-title elementor-size-small"><a href="https://www.conservatoriodelasrosas.edu.mx/Web/eduardo-solis-marin/">Eduardo Solís Marín</a></h2>				</div>
				</div>
					</div>
		</div>
					</div>
		</section>
				</div>

<p>Composición Jesús Miguel Bucio Reyes José Francisco Cruz Romero Ignacio Martínez Madrigal Eduardo Solís Marín</p>
