{"id":1686,"date":"2019-12-20T11:32:36","date_gmt":"2019-12-20T17:32:36","guid":{"rendered":"https:\/\/www.conservatoriodelasrosas.edu.mx\/Web\/?page_id=1686"},"modified":"2020-06-02T01:02:29","modified_gmt":"2020-06-02T06:02:29","slug":"nika-jonicenoka","status":"publish","type":"page","link":"https:\/\/www.conservatoriodelasrosas.edu.mx\/Web\/campus-miguel-bernal\/nuestros-catedraticos\/piano-3-2\/piano-acompanante\/nika-jonicenoka\/","title":{"rendered":"Nika Jonicenoka"},"content":{"rendered":"\t\t<div data-elementor-type=\"wp-page\" data-elementor-id=\"1686\" class=\"elementor elementor-1686\">\n\t\t\t\t\t\t<section class=\"elementor-section elementor-top-section elementor-element elementor-element-2617824e elementor-section-stretched elementor-section-full_width elementor-section-height-min-height elementor-section-height-default elementor-section-items-middle\" data-id=\"2617824e\" data-element_type=\"section\" data-e-type=\"section\" data-settings=\"{&quot;stretch_section&quot;:&quot;section-stretched&quot;,&quot;background_background&quot;:&quot;slideshow&quot;,&quot;background_slideshow_gallery&quot;:[{&quot;id&quot;:2165,&quot;url&quot;:&quot;https:\\\/\\\/www.conservatoriodelasrosas.edu.mx\\\/Web\\\/wp-content\\\/uploads\\\/2020\\\/01\\\/Piano-Acompa\\u00f1ante-1-scaled.jpg&quot;}],&quot;background_slideshow_loop&quot;:&quot;yes&quot;,&quot;background_slideshow_slide_duration&quot;:5000,&quot;background_slideshow_slide_transition&quot;:&quot;fade&quot;,&quot;background_slideshow_transition_duration&quot;:500}\">\n\t\t\t\t\t\t<div class=\"elementor-container elementor-column-gap-default\">\n\t\t\t\t\t<div class=\"elementor-column elementor-col-100 elementor-top-column elementor-element elementor-element-ada5968\" data-id=\"ada5968\" data-element_type=\"column\" data-e-type=\"column\">\n\t\t\t<div class=\"elementor-widget-wrap elementor-element-populated\">\n\t\t\t\t\t\t<div class=\"elementor-element elementor-element-57e68fd5 elementor-widget elementor-widget-heading\" data-id=\"57e68fd5\" data-element_type=\"widget\" data-e-type=\"widget\" data-widget_type=\"heading.default\">\n\t\t\t\t<div class=\"elementor-widget-container\">\n\t\t\t\t\t<h1 class=\"elementor-heading-title elementor-size-xl\">Nika Jonicenoka<\/h1>\t\t\t\t<\/div>\n\t\t\t\t<\/div>\n\t\t\t\t\t<\/div>\n\t\t<\/div>\n\t\t\t\t\t<\/div>\n\t\t<\/section>\n\t\t\t\t<section class=\"elementor-section elementor-top-section elementor-element elementor-element-4b79388a elementor-section-stretched elementor-section-full_width elementor-section-height-default elementor-section-height-default\" data-id=\"4b79388a\" data-element_type=\"section\" data-e-type=\"section\" data-settings=\"{&quot;stretch_section&quot;:&quot;section-stretched&quot;}\">\n\t\t\t\t\t\t<div class=\"elementor-container elementor-column-gap-default\">\n\t\t\t\t\t<div class=\"elementor-column elementor-col-100 elementor-top-column elementor-element elementor-element-19003a85\" data-id=\"19003a85\" data-element_type=\"column\" data-e-type=\"column\">\n\t\t\t<div class=\"elementor-widget-wrap elementor-element-populated\">\n\t\t\t\t\t\t<section class=\"elementor-section elementor-inner-section elementor-element elementor-element-3fdcf032 elementor-section-boxed elementor-section-height-default elementor-section-height-default\" data-id=\"3fdcf032\" data-element_type=\"section\" data-e-type=\"section\">\n\t\t\t\t\t\t<div class=\"elementor-container elementor-column-gap-default\">\n\t\t\t\t\t<div class=\"elementor-column elementor-col-50 elementor-inner-column elementor-element elementor-element-6a89f92e\" data-id=\"6a89f92e\" data-element_type=\"column\" data-e-type=\"column\">\n\t\t\t<div class=\"elementor-widget-wrap elementor-element-populated\">\n\t\t\t\t\t\t<div class=\"elementor-element elementor-element-1d7779c8 elementor-widget elementor-widget-text-editor\" data-id=\"1d7779c8\" data-element_type=\"widget\" data-e-type=\"widget\" data-widget_type=\"text-editor.default\">\n\t\t\t\t<div class=\"elementor-widget-container\">\n\t\t\t\t\t\t\t\t\t<p>Pianista, clavecinista y Organista, inici\u00f3 sus estudios de piano en su ciudad natal Riga, Letonia, gradu\u00e1ndose de licenciatura en Koncertmeister y maestra de piano en 1992, posteriormente fue becada para ingresar al Pontificio Instituto di M\u00fasica Sacra, en Roma, Italia, donde estudi\u00f3 Bachillerato, Licenciatura y maestr\u00eda en \u00f3rgano Principal con Giancarlo Parodi y Arturo\u00a0 Sacchetti, adem\u00e1s de estudiar piano con los maestros V\u00e1leri Voskobinikov y Antonio Sardi de Letto.<\/p><p>En 1999 obtuvo el 3er lugar en el primer Concurso Internacional de \u00d3rgano \u201cV\u00edctor Urban\u201d, realizado en la ciudad de Toluca, M\u00e9xico. En el 2000 fue acreedora de la Beca para ejecutantes otorgada por el FONCA.<\/p><p>Ha tomado cursos de Direcci\u00f3n Coral, Acompa\u00f1amiento del G\u00e9nero L\u00edrico, y m\u00fasica de c\u00e1mara entre otros.<\/p><p>Como clavecinista ha formado parte de diversos ensambles de m\u00fasica antigua, tales como Calado de Aguascalientes,\u00a0 La d\u00e9cima Musa y Tiranni Splendor, de M\u00e9xico, D.F.<\/p><p>En el 2015 particip\u00f3 como organista y clavecinista en la grabaci\u00f3n del disco titulado \u201cSeis maestros de Capilla de la Catedral de Morelia: M\u00fasica de Capilla y Profana de los siglos XVI al XIX\u201d<\/p><p>Como docente ha impartido clases de piano, \u00f3rgano, armon\u00eda, contrapunto y otras materias en algunas Instituciones musicales.<\/p><p>Como pianista ha ofrecido conciertos en ciudades de Letonia, en San Petesburgo, Mosc\u00fa y en M\u00e9xico\u00a0 en la Orquesta Sinf\u00f3nica de Michoac\u00e1n y en la Orquesta Sinf\u00f3nica de Aguascalientes. Recientemente particip\u00f3 como pianista solista con la Orquesta de C\u00e1mara de la Universidad Michoacana de San Nicol\u00e1s de Hidalgo bajo la batuta del Director Mario Rodr\u00edguez Taboada.<\/p><p>Ha dado numerosos recitales con solistas mexicanos.<\/p><p>Actualmente en el Conservatorio de las Rosas imparte clases de piano y acompa\u00f1amiento. En la ciudad de Guanajuato es pianista colaboradora en la catedra de canto con la maestra Edith Contreras. Contin\u00faa su participaci\u00f3n como Clavecinista y Organista en varias agrupaciones de m\u00fasica barroca, as\u00ed como en proyectos de promoci\u00f3n de este estilo musical en la catedral de Morelia desde 2014 a la fecha.<\/p>\t\t\t\t\t\t\t\t<\/div>\n\t\t\t\t<\/div>\n\t\t\t\t\t<\/div>\n\t\t<\/div>\n\t\t\t\t<div class=\"elementor-column elementor-col-50 elementor-inner-column elementor-element elementor-element-68ceb00c\" data-id=\"68ceb00c\" data-element_type=\"column\" data-e-type=\"column\">\n\t\t\t<div class=\"elementor-widget-wrap elementor-element-populated\">\n\t\t\t\t\t\t<div class=\"elementor-element elementor-element-6edd023 elementor-widget elementor-widget-image\" data-id=\"6edd023\" data-element_type=\"widget\" data-e-type=\"widget\" data-widget_type=\"image.default\">\n\t\t\t\t<div class=\"elementor-widget-container\">\n\t\t\t\t\t\t\t\t\t\t\t\t\t\t\t\t<a href=\"https:\/\/www.conservatoriodelasrosas.edu.mx\/Web\/wp-content\/uploads\/2020\/01\/Nika-Jonicenoka-1.jpg\" data-elementor-open-lightbox=\"yes\" data-elementor-lightbox-title=\"Nika Jonicenoka\" data-e-action-hash=\"#elementor-action%3Aaction%3Dlightbox%26settings%3DeyJpZCI6MTk3NiwidXJsIjoiaHR0cHM6XC9cL3d3dy5jb25zZXJ2YXRvcmlvZGVsYXNyb3Nhcy5lZHUubXhcL1dlYlwvd3AtY29udGVudFwvdXBsb2Fkc1wvMjAyMFwvMDFcL05pa2EtSm9uaWNlbm9rYS0xLmpwZyJ9\">\n\t\t\t\t\t\t\t<img fetchpriority=\"high\" decoding=\"async\" width=\"450\" height=\"600\" src=\"https:\/\/www.conservatoriodelasrosas.edu.mx\/Web\/wp-content\/uploads\/2020\/01\/Nika-Jonicenoka-1.jpg\" class=\"attachment-large size-large wp-image-1976\" alt=\"\" srcset=\"https:\/\/www.conservatoriodelasrosas.edu.mx\/Web\/wp-content\/uploads\/2020\/01\/Nika-Jonicenoka-1.jpg 450w, https:\/\/www.conservatoriodelasrosas.edu.mx\/Web\/wp-content\/uploads\/2020\/01\/Nika-Jonicenoka-1-225x300.jpg 225w\" sizes=\"(max-width: 450px) 100vw, 450px\" \/>\t\t\t\t\t\t\t\t<\/a>\n\t\t\t\t\t\t\t\t\t\t\t\t\t\t\t<\/div>\n\t\t\t\t<\/div>\n\t\t\t\t\t<\/div>\n\t\t<\/div>\n\t\t\t\t\t<\/div>\n\t\t<\/section>\n\t\t\t\t\t<\/div>\n\t\t<\/div>\n\t\t\t\t\t<\/div>\n\t\t<\/section>\n\t\t\t\t<\/div>\n\t\t","protected":false},"excerpt":{"rendered":"<p>Nika Jonicenoka Pianista, clavecinista y Organista, inici\u00f3 sus estudios de piano en su ciudad natal Riga, Letonia, gradu\u00e1ndose de licenciatura en Koncertmeister y maestra de piano en 1992, posteriormente fue becada para ingresar al Pontificio Instituto di M\u00fasica Sacra, en Roma, Italia, donde estudi\u00f3 Bachillerato, Licenciatura y maestr\u00eda en \u00f3rgano Principal con Giancarlo Parodi y Arturo\u00a0 Sacchetti, adem\u00e1s de estudiar piano con los maestros V\u00e1leri&hellip; <\/p>\n","protected":false},"author":2,"featured_media":0,"parent":1518,"menu_order":0,"comment_status":"closed","ping_status":"closed","template":"","meta":{"footnotes":""},"class_list":["post-1686","page","type-page","status-publish","hentry","clearfix"],"_links":{"self":[{"href":"https:\/\/www.conservatoriodelasrosas.edu.mx\/Web\/wp-json\/wp\/v2\/pages\/1686","targetHints":{"allow":["GET"]}}],"collection":[{"href":"https:\/\/www.conservatoriodelasrosas.edu.mx\/Web\/wp-json\/wp\/v2\/pages"}],"about":[{"href":"https:\/\/www.conservatoriodelasrosas.edu.mx\/Web\/wp-json\/wp\/v2\/types\/page"}],"author":[{"embeddable":true,"href":"https:\/\/www.conservatoriodelasrosas.edu.mx\/Web\/wp-json\/wp\/v2\/users\/2"}],"replies":[{"embeddable":true,"href":"https:\/\/www.conservatoriodelasrosas.edu.mx\/Web\/wp-json\/wp\/v2\/comments?post=1686"}],"version-history":[{"count":7,"href":"https:\/\/www.conservatoriodelasrosas.edu.mx\/Web\/wp-json\/wp\/v2\/pages\/1686\/revisions"}],"predecessor-version":[{"id":2166,"href":"https:\/\/www.conservatoriodelasrosas.edu.mx\/Web\/wp-json\/wp\/v2\/pages\/1686\/revisions\/2166"}],"up":[{"embeddable":true,"href":"https:\/\/www.conservatoriodelasrosas.edu.mx\/Web\/wp-json\/wp\/v2\/pages\/1518"}],"wp:attachment":[{"href":"https:\/\/www.conservatoriodelasrosas.edu.mx\/Web\/wp-json\/wp\/v2\/media?parent=1686"}],"curies":[{"name":"wp","href":"https:\/\/api.w.org\/{rel}","templated":true}]}}