{"id":1737,"date":"2020-01-08T10:15:59","date_gmt":"2020-01-08T16:15:59","guid":{"rendered":"https:\/\/www.conservatoriodelasrosas.edu.mx\/Web\/?page_id=1737"},"modified":"2020-01-17T11:07:04","modified_gmt":"2020-01-17T17:07:04","slug":"julian-martinez-vazquez","status":"publish","type":"page","link":"https:\/\/www.conservatoriodelasrosas.edu.mx\/Web\/julian-martinez-vazquez\/","title":{"rendered":"Juli\u00e1n Mart\u00ednez V\u00e1zquez"},"content":{"rendered":"\t\t<div data-elementor-type=\"wp-page\" data-elementor-id=\"1737\" class=\"elementor elementor-1737\">\n\t\t\t\t\t\t<section class=\"elementor-section elementor-top-section elementor-element elementor-element-3103a625 elementor-section-stretched elementor-section-full_width elementor-section-height-min-height elementor-section-height-default elementor-section-items-middle\" data-id=\"3103a625\" data-element_type=\"section\" data-e-type=\"section\" data-settings=\"{&quot;stretch_section&quot;:&quot;section-stretched&quot;,&quot;background_background&quot;:&quot;slideshow&quot;,&quot;background_slideshow_gallery&quot;:[{&quot;id&quot;:2062,&quot;url&quot;:&quot;https:\\\/\\\/www.conservatoriodelasrosas.edu.mx\\\/Web\\\/wp-content\\\/uploads\\\/2020\\\/01\\\/Cuerdas.jpg&quot;}],&quot;background_slideshow_loop&quot;:&quot;yes&quot;,&quot;background_slideshow_slide_duration&quot;:5000,&quot;background_slideshow_slide_transition&quot;:&quot;fade&quot;,&quot;background_slideshow_transition_duration&quot;:500}\">\n\t\t\t\t\t\t<div class=\"elementor-container elementor-column-gap-default\">\n\t\t\t\t\t<div class=\"elementor-column elementor-col-100 elementor-top-column elementor-element elementor-element-1b838732\" data-id=\"1b838732\" data-element_type=\"column\" data-e-type=\"column\">\n\t\t\t<div class=\"elementor-widget-wrap elementor-element-populated\">\n\t\t\t\t\t\t<div class=\"elementor-element elementor-element-3b110391 elementor-widget elementor-widget-heading\" data-id=\"3b110391\" data-element_type=\"widget\" data-e-type=\"widget\" data-widget_type=\"heading.default\">\n\t\t\t\t<div class=\"elementor-widget-container\">\n\t\t\t\t\t<h1 class=\"elementor-heading-title elementor-size-xl\">Juli\u00e1n Mart\u00ednez V\u00e1zquez<\/h1>\t\t\t\t<\/div>\n\t\t\t\t<\/div>\n\t\t\t\t\t<\/div>\n\t\t<\/div>\n\t\t\t\t\t<\/div>\n\t\t<\/section>\n\t\t\t\t<section class=\"elementor-section elementor-top-section elementor-element elementor-element-6acad322 elementor-section-stretched elementor-section-full_width elementor-section-height-default elementor-section-height-default\" data-id=\"6acad322\" data-element_type=\"section\" data-e-type=\"section\" data-settings=\"{&quot;stretch_section&quot;:&quot;section-stretched&quot;}\">\n\t\t\t\t\t\t<div class=\"elementor-container elementor-column-gap-default\">\n\t\t\t\t\t<div class=\"elementor-column elementor-col-100 elementor-top-column elementor-element elementor-element-408e4923\" data-id=\"408e4923\" data-element_type=\"column\" data-e-type=\"column\">\n\t\t\t<div class=\"elementor-widget-wrap elementor-element-populated\">\n\t\t\t\t\t\t<section class=\"elementor-section elementor-inner-section elementor-element elementor-element-2e708f00 elementor-section-boxed elementor-section-height-default elementor-section-height-default\" data-id=\"2e708f00\" data-element_type=\"section\" data-e-type=\"section\">\n\t\t\t\t\t\t<div class=\"elementor-container elementor-column-gap-default\">\n\t\t\t\t\t<div class=\"elementor-column elementor-col-50 elementor-inner-column elementor-element elementor-element-6c1f4384\" data-id=\"6c1f4384\" data-element_type=\"column\" data-e-type=\"column\">\n\t\t\t<div class=\"elementor-widget-wrap elementor-element-populated\">\n\t\t\t\t\t\t<div class=\"elementor-element elementor-element-11daf1d3 elementor-widget elementor-widget-text-editor\" data-id=\"11daf1d3\" data-element_type=\"widget\" data-e-type=\"widget\" data-widget_type=\"text-editor.default\">\n\t\t\t\t<div class=\"elementor-widget-container\">\n\t\t\t\t\t\t\t\t\t<div class=\"wpb_text_column wpb_content_element \"><div class=\"wpb_wrapper\"><p>Actual concertino de la Orquesta Sinf\u00f3nica de Michoac\u00e1n, egres\u00f3 con menci\u00f3n honor\u00edfica del Conservatorio de las Rosas bajo la tutela de la maestra Guela Dubrova.<\/p><p>Originario de Charapan, Michoac\u00e1n. Inici\u00f3 desde ni\u00f1o su pr\u00e1ctica musical en el grupo de su familia, Los pur\u00e9pechas de Charapan.<\/p><p>M\u00fasico ecl\u00e9ctico igualmente comprometido con la m\u00fasica tradicional o con la m\u00fasica de vanguardia, asisti\u00f3 a los cursos de m\u00fasica contempor\u00e1nea de Darmstadt, Alemania en 2006. All\u00ed mismo fue invitado a integrarse al Ensemble Moderne Akademie de Frankfurt para hacer conciertos en los festivales Klangspuren y Transart de Austria e Italia.<\/p><p>En 2008 se traslad\u00f3 a Friburgo (Ensemble Recherche Akademie) para continuar tomando clases de repertorio contempor\u00e1neo con Melisse Mellinger.<\/p><p>Especializado en m\u00fasica contempor\u00e1nea para viol\u00edn, estren\u00f3 en M\u00e9xico\u00a0<i>Corale<\/i>, de Luciano Berio, y realiz\u00f3 el estreno absoluto de\u00a0<i>Stain<\/i>, del compositor iran\u00ed Arash Yazdani, adem\u00e1s de que suele tocar como solista conciertos de repertorio cl\u00e1sico.<\/p><p>Actualmente forma parte del ensamble Liminar, uno de los grupos m\u00e1s propositivos y activos de la escena musical mexicana, con quienes ha presentado innumerables conciertos de estrenos nacionales o absolutos, adem\u00e1s de residencias art\u00edsticas, como en la Universidad de Stanford, Red Cat, de Los Angeles, as\u00ed como en los festivales m\u00e1s importantes de m\u00fasica contempor\u00e1nea de Nueva York y Berl\u00edn.<\/p><p>A su retiro, la maestra Guela Doubrova lo eligi\u00f3 para sucederla en su c\u00e1tedra, por lo que desde el a\u00f1o 2016 es maestro de viol\u00edn en el Conservatorio de las Rosas.<\/p><p>En diciembre de 2018 particip\u00f3 en Autoreconstrucci\u00f3n, pieza comisionada por The Kitchen, de Nueva York para la feria de arte contempor\u00e1neo Art Basel Miami. La obra en cuesti\u00f3n fue mencionada por The New York Times como una de las 10 piezas m\u00e1s importantes de la feria.<\/p><\/div><\/div>\t\t\t\t\t\t\t\t<\/div>\n\t\t\t\t<\/div>\n\t\t\t\t\t<\/div>\n\t\t<\/div>\n\t\t\t\t<div class=\"elementor-column elementor-col-50 elementor-inner-column elementor-element elementor-element-2ef8b879\" data-id=\"2ef8b879\" data-element_type=\"column\" data-e-type=\"column\">\n\t\t\t<div class=\"elementor-widget-wrap elementor-element-populated\">\n\t\t\t\t\t\t<div class=\"elementor-element elementor-element-47268634 elementor-widget elementor-widget-image\" data-id=\"47268634\" data-element_type=\"widget\" data-e-type=\"widget\" data-widget_type=\"image.default\">\n\t\t\t\t<div class=\"elementor-widget-container\">\n\t\t\t\t\t\t\t\t\t\t\t\t\t\t\t\t<a href=\"https:\/\/www.conservatoriodelasrosas.edu.mx\/Web\/wp-content\/uploads\/2020\/01\/Juli\u00e1n-Mart\u00ednez-V\u00e1quez-1.jpg\" data-elementor-open-lightbox=\"yes\" data-elementor-lightbox-title=\"Juli\u00e1n Mart\u00ednez V\u00e1quez\" data-e-action-hash=\"#elementor-action%3Aaction%3Dlightbox%26settings%3DeyJpZCI6MjA3NiwidXJsIjoiaHR0cHM6XC9cL3d3dy5jb25zZXJ2YXRvcmlvZGVsYXNyb3Nhcy5lZHUubXhcL1dlYlwvd3AtY29udGVudFwvdXBsb2Fkc1wvMjAyMFwvMDFcL0p1bGlcdTAwZTFuLU1hcnRcdTAwZWRuZXotVlx1MDBlMXF1ZXotMS5qcGcifQ%3D%3D\">\n\t\t\t\t\t\t\t<img fetchpriority=\"high\" decoding=\"async\" width=\"790\" height=\"527\" src=\"https:\/\/www.conservatoriodelasrosas.edu.mx\/Web\/wp-content\/uploads\/2020\/01\/Juli\u00e1n-Mart\u00ednez-V\u00e1quez-1.jpg\" class=\"attachment-large size-large wp-image-2076\" alt=\"\" srcset=\"https:\/\/www.conservatoriodelasrosas.edu.mx\/Web\/wp-content\/uploads\/2020\/01\/Juli\u00e1n-Mart\u00ednez-V\u00e1quez-1.jpg 960w, https:\/\/www.conservatoriodelasrosas.edu.mx\/Web\/wp-content\/uploads\/2020\/01\/Juli\u00e1n-Mart\u00ednez-V\u00e1quez-1-300x200.jpg 300w, https:\/\/www.conservatoriodelasrosas.edu.mx\/Web\/wp-content\/uploads\/2020\/01\/Juli\u00e1n-Mart\u00ednez-V\u00e1quez-1-768x512.jpg 768w\" sizes=\"(max-width: 790px) 100vw, 790px\" \/>\t\t\t\t\t\t\t\t<\/a>\n\t\t\t\t\t\t\t\t\t\t\t\t\t\t\t<\/div>\n\t\t\t\t<\/div>\n\t\t\t\t\t<\/div>\n\t\t<\/div>\n\t\t\t\t\t<\/div>\n\t\t<\/section>\n\t\t\t\t\t<\/div>\n\t\t<\/div>\n\t\t\t\t\t<\/div>\n\t\t<\/section>\n\t\t\t\t<\/div>\n\t\t","protected":false},"excerpt":{"rendered":"<p>Juli\u00e1n Mart\u00ednez V\u00e1zquez Actual concertino de la Orquesta Sinf\u00f3nica de Michoac\u00e1n, egres\u00f3 con menci\u00f3n honor\u00edfica del Conservatorio de las Rosas bajo la tutela de la maestra Guela Dubrova. Originario de Charapan, Michoac\u00e1n. Inici\u00f3 desde ni\u00f1o su pr\u00e1ctica musical en el grupo de su familia, Los pur\u00e9pechas de Charapan. M\u00fasico ecl\u00e9ctico igualmente comprometido con la m\u00fasica tradicional o con la m\u00fasica de vanguardia, asisti\u00f3 a los&hellip; <\/p>\n","protected":false},"author":2,"featured_media":0,"parent":0,"menu_order":0,"comment_status":"closed","ping_status":"closed","template":"","meta":{"footnotes":""},"class_list":["post-1737","page","type-page","status-publish","hentry","clearfix"],"_links":{"self":[{"href":"https:\/\/www.conservatoriodelasrosas.edu.mx\/Web\/wp-json\/wp\/v2\/pages\/1737","targetHints":{"allow":["GET"]}}],"collection":[{"href":"https:\/\/www.conservatoriodelasrosas.edu.mx\/Web\/wp-json\/wp\/v2\/pages"}],"about":[{"href":"https:\/\/www.conservatoriodelasrosas.edu.mx\/Web\/wp-json\/wp\/v2\/types\/page"}],"author":[{"embeddable":true,"href":"https:\/\/www.conservatoriodelasrosas.edu.mx\/Web\/wp-json\/wp\/v2\/users\/2"}],"replies":[{"embeddable":true,"href":"https:\/\/www.conservatoriodelasrosas.edu.mx\/Web\/wp-json\/wp\/v2\/comments?post=1737"}],"version-history":[{"count":3,"href":"https:\/\/www.conservatoriodelasrosas.edu.mx\/Web\/wp-json\/wp\/v2\/pages\/1737\/revisions"}],"predecessor-version":[{"id":2078,"href":"https:\/\/www.conservatoriodelasrosas.edu.mx\/Web\/wp-json\/wp\/v2\/pages\/1737\/revisions\/2078"}],"wp:attachment":[{"href":"https:\/\/www.conservatoriodelasrosas.edu.mx\/Web\/wp-json\/wp\/v2\/media?parent=1737"}],"curies":[{"name":"wp","href":"https:\/\/api.w.org\/{rel}","templated":true}]}}

Julián Martínez Vázquez

<div data-elementor-type="wp-page" data-elementor-id="1737" class="elementor elementor-1737">
						<section class="elementor-section elementor-top-section elementor-element elementor-element-3103a625 elementor-section-stretched elementor-section-full_width elementor-section-height-min-height elementor-section-height-default elementor-section-items-middle" data-id="3103a625" data-element_type="section" data-e-type="section" data-settings="{&quot;stretch_section&quot;:&quot;section-stretched&quot;,&quot;background_background&quot;:&quot;slideshow&quot;,&quot;background_slideshow_gallery&quot;:[{&quot;id&quot;:2062,&quot;url&quot;:&quot;https:\/\/www.conservatoriodelasrosas.edu.mx\/Web\/wp-content\/uploads\/2020\/01\/Cuerdas.jpg&quot;}],&quot;background_slideshow_loop&quot;:&quot;yes&quot;,&quot;background_slideshow_slide_duration&quot;:5000,&quot;background_slideshow_slide_transition&quot;:&quot;fade&quot;,&quot;background_slideshow_transition_duration&quot;:500}">
						<div class="elementor-container elementor-column-gap-default">
					<div class="elementor-column elementor-col-100 elementor-top-column elementor-element elementor-element-1b838732" data-id="1b838732" data-element_type="column" data-e-type="column">
			<div class="elementor-widget-wrap elementor-element-populated">
						<div class="elementor-element elementor-element-3b110391 elementor-widget elementor-widget-heading" data-id="3b110391" data-element_type="widget" data-e-type="widget" data-widget_type="heading.default">
				<div class="elementor-widget-container">
					<h1 class="elementor-heading-title elementor-size-xl">Julián Martínez Vázquez</h1>				</div>
				</div>
					</div>
		</div>
					</div>
		</section>
				<section class="elementor-section elementor-top-section elementor-element elementor-element-6acad322 elementor-section-stretched elementor-section-full_width elementor-section-height-default elementor-section-height-default" data-id="6acad322" data-element_type="section" data-e-type="section" data-settings="{&quot;stretch_section&quot;:&quot;section-stretched&quot;}">
						<div class="elementor-container elementor-column-gap-default">
					<div class="elementor-column elementor-col-100 elementor-top-column elementor-element elementor-element-408e4923" data-id="408e4923" data-element_type="column" data-e-type="column">
			<div class="elementor-widget-wrap elementor-element-populated">
						<section class="elementor-section elementor-inner-section elementor-element elementor-element-2e708f00 elementor-section-boxed elementor-section-height-default elementor-section-height-default" data-id="2e708f00" data-element_type="section" data-e-type="section">
						<div class="elementor-container elementor-column-gap-default">
					<div class="elementor-column elementor-col-50 elementor-inner-column elementor-element elementor-element-6c1f4384" data-id="6c1f4384" data-element_type="column" data-e-type="column">
			<div class="elementor-widget-wrap elementor-element-populated">
						<div class="elementor-element elementor-element-11daf1d3 elementor-widget elementor-widget-text-editor" data-id="11daf1d3" data-element_type="widget" data-e-type="widget" data-widget_type="text-editor.default">
				<div class="elementor-widget-container">
									<div class="wpb_text_column wpb_content_element "><div class="wpb_wrapper"><p>Actual concertino de la Orquesta Sinfónica de Michoacán, egresó con mención honorífica del Conservatorio de las Rosas bajo la tutela de la maestra Guela Dubrova.</p><p>Originario de Charapan, Michoacán. Inició desde niño su práctica musical en el grupo de su familia, Los purépechas de Charapan.</p><p>Músico ecléctico igualmente comprometido con la música tradicional o con la música de vanguardia, asistió a los cursos de música contemporánea de Darmstadt, Alemania en 2006. Allí mismo fue invitado a integrarse al Ensemble Moderne Akademie de Frankfurt para hacer conciertos en los festivales Klangspuren y Transart de Austria e Italia.</p><p>En 2008 se trasladó a Friburgo (Ensemble Recherche Akademie) para continuar tomando clases de repertorio contemporáneo con Melisse Mellinger.</p><p>Especializado en música contemporánea para violín, estrenó en México <i>Corale</i>, de Luciano Berio, y realizó el estreno absoluto de <i>Stain</i>, del compositor iraní Arash Yazdani, además de que suele tocar como solista conciertos de repertorio clásico.</p><p>Actualmente forma parte del ensamble Liminar, uno de los grupos más propositivos y activos de la escena musical mexicana, con quienes ha presentado innumerables conciertos de estrenos nacionales o absolutos, además de residencias artísticas, como en la Universidad de Stanford, Red Cat, de Los Angeles, así como en los festivales más importantes de música contemporánea de Nueva York y Berlín.</p><p>A su retiro, la maestra Guela Doubrova lo eligió para sucederla en su cátedra, por lo que desde el año 2016 es maestro de violín en el Conservatorio de las Rosas.</p><p>En diciembre de 2018 participó en Autoreconstrucción, pieza comisionada por The Kitchen, de Nueva York para la feria de arte contemporáneo Art Basel Miami. La obra en cuestión fue mencionada por The New York Times como una de las 10 piezas más importantes de la feria.</p></div></div>								</div>
				</div>
					</div>
		</div>
				<div class="elementor-column elementor-col-50 elementor-inner-column elementor-element elementor-element-2ef8b879" data-id="2ef8b879" data-element_type="column" data-e-type="column">
			<div class="elementor-widget-wrap elementor-element-populated">
						<div class="elementor-element elementor-element-47268634 elementor-widget elementor-widget-image" data-id="47268634" data-element_type="widget" data-e-type="widget" data-widget_type="image.default">
				<div class="elementor-widget-container">
																<a href="https://www.conservatoriodelasrosas.edu.mx/Web/wp-content/uploads/2020/01/Julián-Martínez-Váquez-1.jpg" data-elementor-open-lightbox="yes" data-elementor-lightbox-title="Julián Martínez Váquez" data-e-action-hash="#elementor-action%3Aaction%3Dlightbox%26settings%3DeyJpZCI6MjA3NiwidXJsIjoiaHR0cHM6XC9cL3d3dy5jb25zZXJ2YXRvcmlvZGVsYXNyb3Nhcy5lZHUubXhcL1dlYlwvd3AtY29udGVudFwvdXBsb2Fkc1wvMjAyMFwvMDFcL0p1bGlcdTAwZTFuLU1hcnRcdTAwZWRuZXotVlx1MDBlMXF1ZXotMS5qcGcifQ%3D%3D">
							<img fetchpriority="high" decoding="async" width="790" height="527" src="https://www.conservatoriodelasrosas.edu.mx/Web/wp-content/uploads/2020/01/Julián-Martínez-Váquez-1.jpg" class="attachment-large size-large wp-image-2076" alt="" srcset="https://www.conservatoriodelasrosas.edu.mx/Web/wp-content/uploads/2020/01/Julián-Martínez-Váquez-1.jpg 960w, https://www.conservatoriodelasrosas.edu.mx/Web/wp-content/uploads/2020/01/Julián-Martínez-Váquez-1-300x200.jpg 300w, https://www.conservatoriodelasrosas.edu.mx/Web/wp-content/uploads/2020/01/Julián-Martínez-Váquez-1-768x512.jpg 768w" sizes="(max-width: 790px) 100vw, 790px" />								</a>
															</div>
				</div>
					</div>
		</div>
					</div>
		</section>
					</div>
		</div>
					</div>
		</section>
				</div>

<p>Julián Martínez Vázquez Actual concertino de la Orquesta Sinfónica de Michoacán, egresó con mención honorífica del Conservatorio de las Rosas bajo la tutela de la maestra Guela Dubrova. Originario de Charapan, Michoacán. Inició desde niño su práctica musical en el grupo de su familia, Los purépechas de Charapan. Músico ecléctico igualmente comprometido con la música tradicional o con la música de vanguardia, asistió a los&hellip; </p>
