{"id":1770,"date":"2020-01-08T11:49:29","date_gmt":"2020-01-08T17:49:29","guid":{"rendered":"https:\/\/www.conservatoriodelasrosas.edu.mx\/Web\/?page_id=1770"},"modified":"2020-05-24T19:49:10","modified_gmt":"2020-05-25T00:49:10","slug":"rodrigo-nefthali-lopez-alarcon","status":"publish","type":"page","link":"https:\/\/www.conservatoriodelasrosas.edu.mx\/Web\/rodrigo-nefthali-lopez-alarcon\/","title":{"rendered":"Rodrigo Nefthal\u00ed L\u00f3pez Alarc\u00f3n"},"content":{"rendered":"\t\t<div data-elementor-type=\"wp-page\" data-elementor-id=\"1770\" class=\"elementor elementor-1770\">\n\t\t\t\t\t\t<section class=\"elementor-section elementor-top-section elementor-element elementor-element-dda986a elementor-section-stretched elementor-section-full_width elementor-section-height-min-height elementor-section-height-default elementor-section-items-middle\" data-id=\"dda986a\" data-element_type=\"section\" data-e-type=\"section\" data-settings=\"{&quot;stretch_section&quot;:&quot;section-stretched&quot;,&quot;background_background&quot;:&quot;slideshow&quot;,&quot;background_slideshow_gallery&quot;:[{&quot;id&quot;:2220,&quot;url&quot;:&quot;https:\\\/\\\/www.conservatoriodelasrosas.edu.mx\\\/Web\\\/wp-content\\\/uploads\\\/2020\\\/01\\\/Guitarra-scaled.jpg&quot;}],&quot;background_slideshow_loop&quot;:&quot;yes&quot;,&quot;background_slideshow_slide_duration&quot;:5000,&quot;background_slideshow_slide_transition&quot;:&quot;fade&quot;,&quot;background_slideshow_transition_duration&quot;:500}\">\n\t\t\t\t\t\t<div class=\"elementor-container elementor-column-gap-default\">\n\t\t\t\t\t<div class=\"elementor-column elementor-col-100 elementor-top-column elementor-element elementor-element-3a22bb2d\" data-id=\"3a22bb2d\" data-element_type=\"column\" data-e-type=\"column\">\n\t\t\t<div class=\"elementor-widget-wrap elementor-element-populated\">\n\t\t\t\t\t\t<div class=\"elementor-element elementor-element-33b57b93 elementor-widget elementor-widget-heading\" data-id=\"33b57b93\" data-element_type=\"widget\" data-e-type=\"widget\" data-widget_type=\"heading.default\">\n\t\t\t\t<div class=\"elementor-widget-container\">\n\t\t\t\t\t<h1 class=\"elementor-heading-title elementor-size-xl\">Rodrigo Nefthal\u00ed L\u00f3pez Alarc\u00f3n<\/h1>\t\t\t\t<\/div>\n\t\t\t\t<\/div>\n\t\t\t\t\t<\/div>\n\t\t<\/div>\n\t\t\t\t\t<\/div>\n\t\t<\/section>\n\t\t\t\t<section class=\"elementor-section elementor-top-section elementor-element elementor-element-379fa739 elementor-section-stretched elementor-section-full_width elementor-section-height-default elementor-section-height-default\" data-id=\"379fa739\" data-element_type=\"section\" data-e-type=\"section\" data-settings=\"{&quot;stretch_section&quot;:&quot;section-stretched&quot;}\">\n\t\t\t\t\t\t<div class=\"elementor-container elementor-column-gap-default\">\n\t\t\t\t\t<div class=\"elementor-column elementor-col-100 elementor-top-column elementor-element elementor-element-70ac9b1f\" data-id=\"70ac9b1f\" data-element_type=\"column\" data-e-type=\"column\">\n\t\t\t<div class=\"elementor-widget-wrap elementor-element-populated\">\n\t\t\t\t\t\t<section class=\"elementor-section elementor-inner-section elementor-element elementor-element-74c9e31e elementor-section-boxed elementor-section-height-default elementor-section-height-default\" data-id=\"74c9e31e\" data-element_type=\"section\" data-e-type=\"section\">\n\t\t\t\t\t\t<div class=\"elementor-container elementor-column-gap-default\">\n\t\t\t\t\t<div class=\"elementor-column elementor-col-50 elementor-inner-column elementor-element elementor-element-714538eb\" data-id=\"714538eb\" data-element_type=\"column\" data-e-type=\"column\">\n\t\t\t<div class=\"elementor-widget-wrap elementor-element-populated\">\n\t\t\t\t\t\t<div class=\"elementor-element elementor-element-e9efb93 elementor-widget elementor-widget-text-editor\" data-id=\"e9efb93\" data-element_type=\"widget\" data-e-type=\"widget\" data-widget_type=\"text-editor.default\">\n\t\t\t\t<div class=\"elementor-widget-container\">\n\t\t\t\t\t\t\t\t\t<p>Rodrigo Neftal\u00ed naci\u00f3 en la Ciudad de M\u00e9xico en 1978. Estudi\u00f3 en el Centro de Estudios Musicales Manuel M. Ponce de la ciudad de Aguascalientes y posteriormente con V\u00edctor Pellegrini, en Guanajuato. En Barcelona, realiz\u00f3 el curso de formaci\u00f3n continua que ofrece la Escuela Superior de M\u00fasica Contempor\u00e1nea(ESMUC) con Zoran Dukic, as\u00ed como el curso de especializaci\u00f3n de la Escuela Luthier, con Fernando Rodr\u00edguez.<\/p><p>Ha actuado como solista con importantes orquestas y agrupaciones de m\u00fasica de c\u00e1mara como Orquesta de C\u00e1mara Helv\u00e9tica, Camerata Ponce, Orquesta Sinf\u00f3nica de Aguascalientes, Orquesta de C\u00e1mara de la Universidad Michoacana, Orquesta Sinf\u00f3nica Carlos Ch\u00e1vez, Filarm\u00f3nica de C\u00e1mara de Catalu\u00f1a, Cuarteto Jos\u00e9 White, entre otras.<\/p>\t\t\t\t\t\t\t\t<\/div>\n\t\t\t\t<\/div>\n\t\t\t\t\t<\/div>\n\t\t<\/div>\n\t\t\t\t<div class=\"elementor-column elementor-col-50 elementor-inner-column elementor-element elementor-element-725ca90a\" data-id=\"725ca90a\" data-element_type=\"column\" data-e-type=\"column\">\n\t\t\t<div class=\"elementor-widget-wrap elementor-element-populated\">\n\t\t\t\t\t\t<div class=\"elementor-element elementor-element-7286d14e elementor-widget elementor-widget-image\" data-id=\"7286d14e\" data-element_type=\"widget\" data-e-type=\"widget\" data-widget_type=\"image.default\">\n\t\t\t\t<div class=\"elementor-widget-container\">\n\t\t\t\t\t\t\t\t\t\t\t\t\t\t\t\t<a href=\"https:\/\/www.conservatoriodelasrosas.edu.mx\/Web\/wp-content\/uploads\/2020\/01\/Rodrigo-Nefthal\u00ed-L\u00f3pez-Alarc\u00f3n-1.jpg\" data-elementor-open-lightbox=\"yes\" data-elementor-lightbox-title=\"Rodrigo Nefthal\u00ed L\u00f3pez Alarc\u00f3n\" data-e-action-hash=\"#elementor-action%3Aaction%3Dlightbox%26settings%3DeyJpZCI6MjQwMywidXJsIjoiaHR0cHM6XC9cL3d3dy5jb25zZXJ2YXRvcmlvZGVsYXNyb3Nhcy5lZHUubXhcL1dlYlwvd3AtY29udGVudFwvdXBsb2Fkc1wvMjAyMFwvMDFcL1JvZHJpZ28tTmVmdGhhbFx1MDBlZC1MXHUwMGYzcGV6LUFsYXJjXHUwMGYzbi0xLmpwZyJ9\">\n\t\t\t\t\t\t\t<img fetchpriority=\"high\" decoding=\"async\" width=\"790\" height=\"527\" src=\"https:\/\/www.conservatoriodelasrosas.edu.mx\/Web\/wp-content\/uploads\/2020\/01\/Rodrigo-Nefthal\u00ed-L\u00f3pez-Alarc\u00f3n-1.jpg\" class=\"attachment-large size-large wp-image-2403\" alt=\"\" srcset=\"https:\/\/www.conservatoriodelasrosas.edu.mx\/Web\/wp-content\/uploads\/2020\/01\/Rodrigo-Nefthal\u00ed-L\u00f3pez-Alarc\u00f3n-1.jpg 960w, https:\/\/www.conservatoriodelasrosas.edu.mx\/Web\/wp-content\/uploads\/2020\/01\/Rodrigo-Nefthal\u00ed-L\u00f3pez-Alarc\u00f3n-1-300x200.jpg 300w, https:\/\/www.conservatoriodelasrosas.edu.mx\/Web\/wp-content\/uploads\/2020\/01\/Rodrigo-Nefthal\u00ed-L\u00f3pez-Alarc\u00f3n-1-768x512.jpg 768w\" sizes=\"(max-width: 790px) 100vw, 790px\" \/>\t\t\t\t\t\t\t\t<\/a>\n\t\t\t\t\t\t\t\t\t\t\t\t\t\t\t<\/div>\n\t\t\t\t<\/div>\n\t\t\t\t\t<\/div>\n\t\t<\/div>\n\t\t\t\t\t<\/div>\n\t\t<\/section>\n\t\t\t\t\t<\/div>\n\t\t<\/div>\n\t\t\t\t\t<\/div>\n\t\t<\/section>\n\t\t\t\t<\/div>\n\t\t","protected":false},"excerpt":{"rendered":"<p>Rodrigo Nefthal\u00ed L\u00f3pez Alarc\u00f3n Rodrigo Neftal\u00ed naci\u00f3 en la Ciudad de M\u00e9xico en 1978. Estudi\u00f3 en el Centro de Estudios Musicales Manuel M. Ponce de la ciudad de Aguascalientes y posteriormente con V\u00edctor Pellegrini, en Guanajuato. En Barcelona, realiz\u00f3 el curso de formaci\u00f3n continua que ofrece la Escuela Superior de M\u00fasica Contempor\u00e1nea(ESMUC) con Zoran Dukic, as\u00ed como el curso de especializaci\u00f3n de la Escuela Luthier,&hellip; <\/p>\n","protected":false},"author":2,"featured_media":0,"parent":0,"menu_order":0,"comment_status":"closed","ping_status":"closed","template":"","meta":{"footnotes":""},"class_list":["post-1770","page","type-page","status-publish","hentry","clearfix"],"_links":{"self":[{"href":"https:\/\/www.conservatoriodelasrosas.edu.mx\/Web\/wp-json\/wp\/v2\/pages\/1770","targetHints":{"allow":["GET"]}}],"collection":[{"href":"https:\/\/www.conservatoriodelasrosas.edu.mx\/Web\/wp-json\/wp\/v2\/pages"}],"about":[{"href":"https:\/\/www.conservatoriodelasrosas.edu.mx\/Web\/wp-json\/wp\/v2\/types\/page"}],"author":[{"embeddable":true,"href":"https:\/\/www.conservatoriodelasrosas.edu.mx\/Web\/wp-json\/wp\/v2\/users\/2"}],"replies":[{"embeddable":true,"href":"https:\/\/www.conservatoriodelasrosas.edu.mx\/Web\/wp-json\/wp\/v2\/comments?post=1770"}],"version-history":[{"count":5,"href":"https:\/\/www.conservatoriodelasrosas.edu.mx\/Web\/wp-json\/wp\/v2\/pages\/1770\/revisions"}],"predecessor-version":[{"id":2893,"href":"https:\/\/www.conservatoriodelasrosas.edu.mx\/Web\/wp-json\/wp\/v2\/pages\/1770\/revisions\/2893"}],"wp:attachment":[{"href":"https:\/\/www.conservatoriodelasrosas.edu.mx\/Web\/wp-json\/wp\/v2\/media?parent=1770"}],"curies":[{"name":"wp","href":"https:\/\/api.w.org\/{rel}","templated":true}]}}

Rodrigo Nefthalí López Alarcón

<div data-elementor-type="wp-page" data-elementor-id="1770" class="elementor elementor-1770">
						<section class="elementor-section elementor-top-section elementor-element elementor-element-dda986a elementor-section-stretched elementor-section-full_width elementor-section-height-min-height elementor-section-height-default elementor-section-items-middle" data-id="dda986a" data-element_type="section" data-e-type="section" data-settings="{&quot;stretch_section&quot;:&quot;section-stretched&quot;,&quot;background_background&quot;:&quot;slideshow&quot;,&quot;background_slideshow_gallery&quot;:[{&quot;id&quot;:2220,&quot;url&quot;:&quot;https:\/\/www.conservatoriodelasrosas.edu.mx\/Web\/wp-content\/uploads\/2020\/01\/Guitarra-scaled.jpg&quot;}],&quot;background_slideshow_loop&quot;:&quot;yes&quot;,&quot;background_slideshow_slide_duration&quot;:5000,&quot;background_slideshow_slide_transition&quot;:&quot;fade&quot;,&quot;background_slideshow_transition_duration&quot;:500}">
						<div class="elementor-container elementor-column-gap-default">
					<div class="elementor-column elementor-col-100 elementor-top-column elementor-element elementor-element-3a22bb2d" data-id="3a22bb2d" data-element_type="column" data-e-type="column">
			<div class="elementor-widget-wrap elementor-element-populated">
						<div class="elementor-element elementor-element-33b57b93 elementor-widget elementor-widget-heading" data-id="33b57b93" data-element_type="widget" data-e-type="widget" data-widget_type="heading.default">
				<div class="elementor-widget-container">
					<h1 class="elementor-heading-title elementor-size-xl">Rodrigo Nefthalí López Alarcón</h1>				</div>
				</div>
					</div>
		</div>
					</div>
		</section>
				<section class="elementor-section elementor-top-section elementor-element elementor-element-379fa739 elementor-section-stretched elementor-section-full_width elementor-section-height-default elementor-section-height-default" data-id="379fa739" data-element_type="section" data-e-type="section" data-settings="{&quot;stretch_section&quot;:&quot;section-stretched&quot;}">
						<div class="elementor-container elementor-column-gap-default">
					<div class="elementor-column elementor-col-100 elementor-top-column elementor-element elementor-element-70ac9b1f" data-id="70ac9b1f" data-element_type="column" data-e-type="column">
			<div class="elementor-widget-wrap elementor-element-populated">
						<section class="elementor-section elementor-inner-section elementor-element elementor-element-74c9e31e elementor-section-boxed elementor-section-height-default elementor-section-height-default" data-id="74c9e31e" data-element_type="section" data-e-type="section">
						<div class="elementor-container elementor-column-gap-default">
					<div class="elementor-column elementor-col-50 elementor-inner-column elementor-element elementor-element-714538eb" data-id="714538eb" data-element_type="column" data-e-type="column">
			<div class="elementor-widget-wrap elementor-element-populated">
						<div class="elementor-element elementor-element-e9efb93 elementor-widget elementor-widget-text-editor" data-id="e9efb93" data-element_type="widget" data-e-type="widget" data-widget_type="text-editor.default">
				<div class="elementor-widget-container">
									<p>Rodrigo Neftalí nació en la Ciudad de México en 1978. Estudió en el Centro de Estudios Musicales Manuel M. Ponce de la ciudad de Aguascalientes y posteriormente con Víctor Pellegrini, en Guanajuato. En Barcelona, realizó el curso de formación continua que ofrece la Escuela Superior de Música Contemporánea(ESMUC) con Zoran Dukic, así como el curso de especialización de la Escuela Luthier, con Fernando Rodríguez.</p><p>Ha actuado como solista con importantes orquestas y agrupaciones de música de cámara como Orquesta de Cámara Helvética, Camerata Ponce, Orquesta Sinfónica de Aguascalientes, Orquesta de Cámara de la Universidad Michoacana, Orquesta Sinfónica Carlos Chávez, Filarmónica de Cámara de Cataluña, Cuarteto José White, entre otras.</p>								</div>
				</div>
					</div>
		</div>
				<div class="elementor-column elementor-col-50 elementor-inner-column elementor-element elementor-element-725ca90a" data-id="725ca90a" data-element_type="column" data-e-type="column">
			<div class="elementor-widget-wrap elementor-element-populated">
						<div class="elementor-element elementor-element-7286d14e elementor-widget elementor-widget-image" data-id="7286d14e" data-element_type="widget" data-e-type="widget" data-widget_type="image.default">
				<div class="elementor-widget-container">
																<a href="https://www.conservatoriodelasrosas.edu.mx/Web/wp-content/uploads/2020/01/Rodrigo-Nefthalí-López-Alarcón-1.jpg" data-elementor-open-lightbox="yes" data-elementor-lightbox-title="Rodrigo Nefthalí López Alarcón" data-e-action-hash="#elementor-action%3Aaction%3Dlightbox%26settings%3DeyJpZCI6MjQwMywidXJsIjoiaHR0cHM6XC9cL3d3dy5jb25zZXJ2YXRvcmlvZGVsYXNyb3Nhcy5lZHUubXhcL1dlYlwvd3AtY29udGVudFwvdXBsb2Fkc1wvMjAyMFwvMDFcL1JvZHJpZ28tTmVmdGhhbFx1MDBlZC1MXHUwMGYzcGV6LUFsYXJjXHUwMGYzbi0xLmpwZyJ9">
							<img fetchpriority="high" decoding="async" width="790" height="527" src="https://www.conservatoriodelasrosas.edu.mx/Web/wp-content/uploads/2020/01/Rodrigo-Nefthalí-López-Alarcón-1.jpg" class="attachment-large size-large wp-image-2403" alt="" srcset="https://www.conservatoriodelasrosas.edu.mx/Web/wp-content/uploads/2020/01/Rodrigo-Nefthalí-López-Alarcón-1.jpg 960w, https://www.conservatoriodelasrosas.edu.mx/Web/wp-content/uploads/2020/01/Rodrigo-Nefthalí-López-Alarcón-1-300x200.jpg 300w, https://www.conservatoriodelasrosas.edu.mx/Web/wp-content/uploads/2020/01/Rodrigo-Nefthalí-López-Alarcón-1-768x512.jpg 768w" sizes="(max-width: 790px) 100vw, 790px" />								</a>
															</div>
				</div>
					</div>
		</div>
					</div>
		</section>
					</div>
		</div>
					</div>
		</section>
				</div>

<p>Rodrigo Nefthalí López Alarcón Rodrigo Neftalí nació en la Ciudad de México en 1978. Estudió en el Centro de Estudios Musicales Manuel M. Ponce de la ciudad de Aguascalientes y posteriormente con Víctor Pellegrini, en Guanajuato. En Barcelona, realizó el curso de formación continua que ofrece la Escuela Superior de Música Contemporánea(ESMUC) con Zoran Dukic, así como el curso de especialización de la Escuela Luthier,&hellip; </p>
