{"id":1774,"date":"2020-01-08T11:50:27","date_gmt":"2020-01-08T17:50:27","guid":{"rendered":"https:\/\/www.conservatoriodelasrosas.edu.mx\/Web\/?page_id=1774"},"modified":"2020-01-23T09:14:22","modified_gmt":"2020-01-23T15:14:22","slug":"juan-andres-loreto-anzures","status":"publish","type":"page","link":"https:\/\/www.conservatoriodelasrosas.edu.mx\/Web\/juan-andres-loreto-anzures\/","title":{"rendered":"Juan Andr\u00e9s Loreto Anzures"},"content":{"rendered":"\t\t<div data-elementor-type=\"wp-page\" data-elementor-id=\"1774\" class=\"elementor elementor-1774\">\n\t\t\t\t\t\t<section class=\"elementor-section elementor-top-section elementor-element elementor-element-48c125d elementor-section-stretched elementor-section-full_width elementor-section-height-min-height elementor-section-height-default elementor-section-items-middle\" data-id=\"48c125d\" data-element_type=\"section\" data-e-type=\"section\" data-settings=\"{&quot;stretch_section&quot;:&quot;section-stretched&quot;,&quot;background_background&quot;:&quot;slideshow&quot;,&quot;background_slideshow_gallery&quot;:[{&quot;id&quot;:2220,&quot;url&quot;:&quot;https:\\\/\\\/www.conservatoriodelasrosas.edu.mx\\\/Web\\\/wp-content\\\/uploads\\\/2020\\\/01\\\/Guitarra-scaled.jpg&quot;}],&quot;background_slideshow_loop&quot;:&quot;yes&quot;,&quot;background_slideshow_slide_duration&quot;:5000,&quot;background_slideshow_slide_transition&quot;:&quot;fade&quot;,&quot;background_slideshow_transition_duration&quot;:500}\">\n\t\t\t\t\t\t<div class=\"elementor-container elementor-column-gap-default\">\n\t\t\t\t\t<div class=\"elementor-column elementor-col-100 elementor-top-column elementor-element elementor-element-7c97cf3\" data-id=\"7c97cf3\" data-element_type=\"column\" data-e-type=\"column\">\n\t\t\t<div class=\"elementor-widget-wrap elementor-element-populated\">\n\t\t\t\t\t\t<div class=\"elementor-element elementor-element-50caef6 elementor-widget elementor-widget-heading\" data-id=\"50caef6\" data-element_type=\"widget\" data-e-type=\"widget\" data-widget_type=\"heading.default\">\n\t\t\t\t<div class=\"elementor-widget-container\">\n\t\t\t\t\t<h1 class=\"elementor-heading-title elementor-size-xl\">Juan Andr\u00e9s Loreto Anzures<\/h1>\t\t\t\t<\/div>\n\t\t\t\t<\/div>\n\t\t\t\t\t<\/div>\n\t\t<\/div>\n\t\t\t\t\t<\/div>\n\t\t<\/section>\n\t\t\t\t<section class=\"elementor-section elementor-top-section elementor-element elementor-element-31b42419 elementor-section-stretched elementor-section-full_width elementor-section-height-default elementor-section-height-default\" data-id=\"31b42419\" data-element_type=\"section\" data-e-type=\"section\" data-settings=\"{&quot;stretch_section&quot;:&quot;section-stretched&quot;}\">\n\t\t\t\t\t\t<div class=\"elementor-container elementor-column-gap-default\">\n\t\t\t\t\t<div class=\"elementor-column elementor-col-100 elementor-top-column elementor-element elementor-element-69ea6511\" data-id=\"69ea6511\" data-element_type=\"column\" data-e-type=\"column\">\n\t\t\t<div class=\"elementor-widget-wrap elementor-element-populated\">\n\t\t\t\t\t\t<section class=\"elementor-section elementor-inner-section elementor-element elementor-element-1d0fe280 elementor-section-boxed elementor-section-height-default elementor-section-height-default\" data-id=\"1d0fe280\" data-element_type=\"section\" data-e-type=\"section\">\n\t\t\t\t\t\t<div class=\"elementor-container elementor-column-gap-default\">\n\t\t\t\t\t<div class=\"elementor-column elementor-col-50 elementor-inner-column elementor-element elementor-element-5571848f\" data-id=\"5571848f\" data-element_type=\"column\" data-e-type=\"column\">\n\t\t\t<div class=\"elementor-widget-wrap elementor-element-populated\">\n\t\t\t\t\t\t<div class=\"elementor-element elementor-element-4a6f89c7 elementor-widget elementor-widget-text-editor\" data-id=\"4a6f89c7\" data-element_type=\"widget\" data-e-type=\"widget\" data-widget_type=\"text-editor.default\">\n\t\t\t\t<div class=\"elementor-widget-container\">\n\t\t\t\t\t\t\t\t\t<div class=\"wpb_text_column wpb_content_element \"><div class=\"wpb_wrapper\"><p>Su \u00a0\u00a0preparaci\u00f3n musical la inicia en el Conservatorio de las Rosas, en Morelia, Michoac\u00e1n, M\u00e9xico, donde obtiene su Licenciatura con especialidad en guitarra dentro del mismo periodo asisti\u00f3 a diversos cursos internacionales de perfeccionamiento, recibiendo clases magistrales con los maestros Gonzalo Salazar, Remi Boucher, Eduardo Fern\u00e1ndez, Magnus Anderson y \u00c1lvaro Pierri, en el a\u00f1o 2001 se grad\u00faa con diploma de postgrado por el Conservatorio Superior de M\u00fasica de Madrid realizado bajo la direcci\u00f3n del maestro Miguel \u00c1ngel Jim\u00e9nez Arnaiz<\/p><p>Ha realizado el estreno en M\u00e9xico de obras de obras poco conocidas como la obra <em>F\u00e1bula<\/em> del prestigiado y vanguardista compositor espa\u00f1ol Lu\u00eds de Pablo, en el a\u00f1o 2006 estrena junto con la Orquesta de C\u00e1mara de la Universidad Michoacana la obra <em>Quatorn<\/em> del compositor mexicano Manuel M. Ponce, ha participado en diversas ediciones del Festival Internacional de M\u00fasica de Morelia, en el Festival de Guitarra de Morelia, Festival de M\u00fasica Nueva Manuel de Enr\u00edquez en la sala Manuel M. Ponce del Palacio de Bellas Artes, en la Sala Xochipilli de la Escuela Nacional de M\u00fasica, en los conciertos organizados por el Curso Internacional M\u00fasica de Santiago de Compostela, Espa\u00f1a, as\u00ed como en diversos festivales culturales de M\u00e9xico y Espa\u00f1a.<\/p><p>Fue miembro fundador del Cuarteto de Guitarras \u201cJes\u00fas Silva\u201d agrupaci\u00f3n ganadora del programa de apoyo a grupos art\u00edsticos por parte del FOESCAM en el a\u00f1o 2004. En el a\u00f1o 2015 obtiene su grado de Maestr\u00eda en Sociolog\u00eda de la Educaci\u00f3n que le permite tener una visi\u00f3n de actualizaci\u00f3n permanente, actualmente se desempe\u00f1a como maestro de diversas materias como M\u00fasica de C\u00e1mara, especialidad de Guitarra, actividades que combina con su presencia en los escenarios y la coordinaci\u00f3n de la C\u00e1tedra de Guitarra del Conservatorio de las Rosas.<\/p><\/div><\/div>\t\t\t\t\t\t\t\t<\/div>\n\t\t\t\t<\/div>\n\t\t\t\t\t<\/div>\n\t\t<\/div>\n\t\t\t\t<div class=\"elementor-column elementor-col-50 elementor-inner-column elementor-element elementor-element-4c76b34\" data-id=\"4c76b34\" data-element_type=\"column\" data-e-type=\"column\">\n\t\t\t<div class=\"elementor-widget-wrap elementor-element-populated\">\n\t\t\t\t\t\t<div class=\"elementor-element elementor-element-62222f79 elementor-widget elementor-widget-image\" data-id=\"62222f79\" data-element_type=\"widget\" data-e-type=\"widget\" data-widget_type=\"image.default\">\n\t\t\t\t<div class=\"elementor-widget-container\">\n\t\t\t\t\t\t\t\t\t\t\t\t\t\t\t\t<a href=\"https:\/\/www.conservatoriodelasrosas.edu.mx\/Web\/wp-content\/uploads\/2020\/01\/Juan-Andr\u00e9s-Loreto-Anzures.png\" data-elementor-open-lightbox=\"yes\" data-elementor-lightbox-title=\"Juan Andr\u00e9s Loreto Anzures\" data-e-action-hash=\"#elementor-action%3Aaction%3Dlightbox%26settings%3DeyJpZCI6MjM4OSwidXJsIjoiaHR0cHM6XC9cL3d3dy5jb25zZXJ2YXRvcmlvZGVsYXNyb3Nhcy5lZHUubXhcL1dlYlwvd3AtY29udGVudFwvdXBsb2Fkc1wvMjAyMFwvMDFcL0p1YW4tQW5kclx1MDBlOXMtTG9yZXRvLUFuenVyZXMucG5nIn0%3D\">\n\t\t\t\t\t\t\t<img fetchpriority=\"high\" decoding=\"async\" width=\"680\" height=\"1024\" src=\"https:\/\/www.conservatoriodelasrosas.edu.mx\/Web\/wp-content\/uploads\/2020\/01\/Juan-Andr\u00e9s-Loreto-Anzures-680x1024.png\" class=\"attachment-large size-large wp-image-2389\" alt=\"\" srcset=\"https:\/\/www.conservatoriodelasrosas.edu.mx\/Web\/wp-content\/uploads\/2020\/01\/Juan-Andr\u00e9s-Loreto-Anzures-680x1024.png 680w, https:\/\/www.conservatoriodelasrosas.edu.mx\/Web\/wp-content\/uploads\/2020\/01\/Juan-Andr\u00e9s-Loreto-Anzures-199x300.png 199w, https:\/\/www.conservatoriodelasrosas.edu.mx\/Web\/wp-content\/uploads\/2020\/01\/Juan-Andr\u00e9s-Loreto-Anzures-768x1156.png 768w, https:\/\/www.conservatoriodelasrosas.edu.mx\/Web\/wp-content\/uploads\/2020\/01\/Juan-Andr\u00e9s-Loreto-Anzures-1020x1536.png 1020w, https:\/\/www.conservatoriodelasrosas.edu.mx\/Web\/wp-content\/uploads\/2020\/01\/Juan-Andr\u00e9s-Loreto-Anzures-1361x2048.png 1361w\" sizes=\"(max-width: 680px) 100vw, 680px\" \/>\t\t\t\t\t\t\t\t<\/a>\n\t\t\t\t\t\t\t\t\t\t\t\t\t\t\t<\/div>\n\t\t\t\t<\/div>\n\t\t\t\t\t<\/div>\n\t\t<\/div>\n\t\t\t\t\t<\/div>\n\t\t<\/section>\n\t\t\t\t\t<\/div>\n\t\t<\/div>\n\t\t\t\t\t<\/div>\n\t\t<\/section>\n\t\t\t\t<\/div>\n\t\t","protected":false},"excerpt":{"rendered":"<p>Juan Andr\u00e9s Loreto Anzures Su \u00a0\u00a0preparaci\u00f3n musical la inicia en el Conservatorio de las Rosas, en Morelia, Michoac\u00e1n, M\u00e9xico, donde obtiene su Licenciatura con especialidad en guitarra dentro del mismo periodo asisti\u00f3 a diversos cursos internacionales de perfeccionamiento, recibiendo clases magistrales con los maestros Gonzalo Salazar, Remi Boucher, Eduardo Fern\u00e1ndez, Magnus Anderson y \u00c1lvaro Pierri, en el a\u00f1o 2001 se grad\u00faa con diploma de postgrado&hellip; <\/p>\n","protected":false},"author":2,"featured_media":0,"parent":0,"menu_order":0,"comment_status":"closed","ping_status":"closed","template":"","meta":{"footnotes":""},"class_list":["post-1774","page","type-page","status-publish","hentry","clearfix"],"_links":{"self":[{"href":"https:\/\/www.conservatoriodelasrosas.edu.mx\/Web\/wp-json\/wp\/v2\/pages\/1774","targetHints":{"allow":["GET"]}}],"collection":[{"href":"https:\/\/www.conservatoriodelasrosas.edu.mx\/Web\/wp-json\/wp\/v2\/pages"}],"about":[{"href":"https:\/\/www.conservatoriodelasrosas.edu.mx\/Web\/wp-json\/wp\/v2\/types\/page"}],"author":[{"embeddable":true,"href":"https:\/\/www.conservatoriodelasrosas.edu.mx\/Web\/wp-json\/wp\/v2\/users\/2"}],"replies":[{"embeddable":true,"href":"https:\/\/www.conservatoriodelasrosas.edu.mx\/Web\/wp-json\/wp\/v2\/comments?post=1774"}],"version-history":[{"count":5,"href":"https:\/\/www.conservatoriodelasrosas.edu.mx\/Web\/wp-json\/wp\/v2\/pages\/1774\/revisions"}],"predecessor-version":[{"id":2390,"href":"https:\/\/www.conservatoriodelasrosas.edu.mx\/Web\/wp-json\/wp\/v2\/pages\/1774\/revisions\/2390"}],"wp:attachment":[{"href":"https:\/\/www.conservatoriodelasrosas.edu.mx\/Web\/wp-json\/wp\/v2\/media?parent=1774"}],"curies":[{"name":"wp","href":"https:\/\/api.w.org\/{rel}","templated":true}]}}

Juan Andrés Loreto Anzures

<div data-elementor-type="wp-page" data-elementor-id="1774" class="elementor elementor-1774">
						<section class="elementor-section elementor-top-section elementor-element elementor-element-48c125d elementor-section-stretched elementor-section-full_width elementor-section-height-min-height elementor-section-height-default elementor-section-items-middle" data-id="48c125d" data-element_type="section" data-e-type="section" data-settings="{&quot;stretch_section&quot;:&quot;section-stretched&quot;,&quot;background_background&quot;:&quot;slideshow&quot;,&quot;background_slideshow_gallery&quot;:[{&quot;id&quot;:2220,&quot;url&quot;:&quot;https:\/\/www.conservatoriodelasrosas.edu.mx\/Web\/wp-content\/uploads\/2020\/01\/Guitarra-scaled.jpg&quot;}],&quot;background_slideshow_loop&quot;:&quot;yes&quot;,&quot;background_slideshow_slide_duration&quot;:5000,&quot;background_slideshow_slide_transition&quot;:&quot;fade&quot;,&quot;background_slideshow_transition_duration&quot;:500}">
						<div class="elementor-container elementor-column-gap-default">
					<div class="elementor-column elementor-col-100 elementor-top-column elementor-element elementor-element-7c97cf3" data-id="7c97cf3" data-element_type="column" data-e-type="column">
			<div class="elementor-widget-wrap elementor-element-populated">
						<div class="elementor-element elementor-element-50caef6 elementor-widget elementor-widget-heading" data-id="50caef6" data-element_type="widget" data-e-type="widget" data-widget_type="heading.default">
				<div class="elementor-widget-container">
					<h1 class="elementor-heading-title elementor-size-xl">Juan Andrés Loreto Anzures</h1>				</div>
				</div>
					</div>
		</div>
					</div>
		</section>
				<section class="elementor-section elementor-top-section elementor-element elementor-element-31b42419 elementor-section-stretched elementor-section-full_width elementor-section-height-default elementor-section-height-default" data-id="31b42419" data-element_type="section" data-e-type="section" data-settings="{&quot;stretch_section&quot;:&quot;section-stretched&quot;}">
						<div class="elementor-container elementor-column-gap-default">
					<div class="elementor-column elementor-col-100 elementor-top-column elementor-element elementor-element-69ea6511" data-id="69ea6511" data-element_type="column" data-e-type="column">
			<div class="elementor-widget-wrap elementor-element-populated">
						<section class="elementor-section elementor-inner-section elementor-element elementor-element-1d0fe280 elementor-section-boxed elementor-section-height-default elementor-section-height-default" data-id="1d0fe280" data-element_type="section" data-e-type="section">
						<div class="elementor-container elementor-column-gap-default">
					<div class="elementor-column elementor-col-50 elementor-inner-column elementor-element elementor-element-5571848f" data-id="5571848f" data-element_type="column" data-e-type="column">
			<div class="elementor-widget-wrap elementor-element-populated">
						<div class="elementor-element elementor-element-4a6f89c7 elementor-widget elementor-widget-text-editor" data-id="4a6f89c7" data-element_type="widget" data-e-type="widget" data-widget_type="text-editor.default">
				<div class="elementor-widget-container">
									<div class="wpb_text_column wpb_content_element "><div class="wpb_wrapper"><p>Su   preparación musical la inicia en el Conservatorio de las Rosas, en Morelia, Michoacán, México, donde obtiene su Licenciatura con especialidad en guitarra dentro del mismo periodo asistió a diversos cursos internacionales de perfeccionamiento, recibiendo clases magistrales con los maestros Gonzalo Salazar, Remi Boucher, Eduardo Fernández, Magnus Anderson y Álvaro Pierri, en el año 2001 se gradúa con diploma de postgrado por el Conservatorio Superior de Música de Madrid realizado bajo la dirección del maestro Miguel Ángel Jiménez Arnaiz</p><p>Ha realizado el estreno en México de obras de obras poco conocidas como la obra <em>Fábula</em> del prestigiado y vanguardista compositor español Luís de Pablo, en el año 2006 estrena junto con la Orquesta de Cámara de la Universidad Michoacana la obra <em>Quatorn</em> del compositor mexicano Manuel M. Ponce, ha participado en diversas ediciones del Festival Internacional de Música de Morelia, en el Festival de Guitarra de Morelia, Festival de Música Nueva Manuel de Enríquez en la sala Manuel M. Ponce del Palacio de Bellas Artes, en la Sala Xochipilli de la Escuela Nacional de Música, en los conciertos organizados por el Curso Internacional Música de Santiago de Compostela, España, así como en diversos festivales culturales de México y España.</p><p>Fue miembro fundador del Cuarteto de Guitarras “Jesús Silva” agrupación ganadora del programa de apoyo a grupos artísticos por parte del FOESCAM en el año 2004. En el año 2015 obtiene su grado de Maestría en Sociología de la Educación que le permite tener una visión de actualización permanente, actualmente se desempeña como maestro de diversas materias como Música de Cámara, especialidad de Guitarra, actividades que combina con su presencia en los escenarios y la coordinación de la Cátedra de Guitarra del Conservatorio de las Rosas.</p></div></div>								</div>
				</div>
					</div>
		</div>
				<div class="elementor-column elementor-col-50 elementor-inner-column elementor-element elementor-element-4c76b34" data-id="4c76b34" data-element_type="column" data-e-type="column">
			<div class="elementor-widget-wrap elementor-element-populated">
						<div class="elementor-element elementor-element-62222f79 elementor-widget elementor-widget-image" data-id="62222f79" data-element_type="widget" data-e-type="widget" data-widget_type="image.default">
				<div class="elementor-widget-container">
																<a href="https://www.conservatoriodelasrosas.edu.mx/Web/wp-content/uploads/2020/01/Juan-Andrés-Loreto-Anzures.png" data-elementor-open-lightbox="yes" data-elementor-lightbox-title="Juan Andrés Loreto Anzures" data-e-action-hash="#elementor-action%3Aaction%3Dlightbox%26settings%3DeyJpZCI6MjM4OSwidXJsIjoiaHR0cHM6XC9cL3d3dy5jb25zZXJ2YXRvcmlvZGVsYXNyb3Nhcy5lZHUubXhcL1dlYlwvd3AtY29udGVudFwvdXBsb2Fkc1wvMjAyMFwvMDFcL0p1YW4tQW5kclx1MDBlOXMtTG9yZXRvLUFuenVyZXMucG5nIn0%3D">
							<img fetchpriority="high" decoding="async" width="680" height="1024" src="https://www.conservatoriodelasrosas.edu.mx/Web/wp-content/uploads/2020/01/Juan-Andrés-Loreto-Anzures-680x1024.png" class="attachment-large size-large wp-image-2389" alt="" srcset="https://www.conservatoriodelasrosas.edu.mx/Web/wp-content/uploads/2020/01/Juan-Andrés-Loreto-Anzures-680x1024.png 680w, https://www.conservatoriodelasrosas.edu.mx/Web/wp-content/uploads/2020/01/Juan-Andrés-Loreto-Anzures-199x300.png 199w, https://www.conservatoriodelasrosas.edu.mx/Web/wp-content/uploads/2020/01/Juan-Andrés-Loreto-Anzures-768x1156.png 768w, https://www.conservatoriodelasrosas.edu.mx/Web/wp-content/uploads/2020/01/Juan-Andrés-Loreto-Anzures-1020x1536.png 1020w, https://www.conservatoriodelasrosas.edu.mx/Web/wp-content/uploads/2020/01/Juan-Andrés-Loreto-Anzures-1361x2048.png 1361w" sizes="(max-width: 680px) 100vw, 680px" />								</a>
															</div>
				</div>
					</div>
		</div>
					</div>
		</section>
					</div>
		</div>
					</div>
		</section>
				</div>

<p>Juan Andrés Loreto Anzures Su   preparación musical la inicia en el Conservatorio de las Rosas, en Morelia, Michoacán, México, donde obtiene su Licenciatura con especialidad en guitarra dentro del mismo periodo asistió a diversos cursos internacionales de perfeccionamiento, recibiendo clases magistrales con los maestros Gonzalo Salazar, Remi Boucher, Eduardo Fernández, Magnus Anderson y Álvaro Pierri, en el año 2001 se gradúa con diploma de postgrado&hellip; </p>
